{"id":13683,"date":"2021-02-26T11:22:23","date_gmt":"2021-02-26T10:22:23","guid":{"rendered":"https:\/\/www.myecole.it\/ooc\/?page_id=13683"},"modified":"2022-08-23T10:25:51","modified_gmt":"2022-08-23T08:25:51","slug":"intelligenza-emotiva","status":"publish","type":"page","link":"https:\/\/www.myecole.it\/ooc\/area-sanita\/soft-skills\/intelligenza-emotiva\/","title":{"rendered":"Corso: Intelligenza Emotiva"},"content":{"rendered":"\t\t<div data-elementor-type=\"wp-page\" data-elementor-id=\"13683\" class=\"elementor elementor-13683\" data-elementor-settings=\"[]\">\n\t\t\t\t\t\t<div class=\"elementor-inner\">\n\t\t\t\t\t\t\t<div class=\"elementor-section-wrap\">\n\t\t\t\t\t\t\t<section class=\"elementor-section elementor-top-section elementor-element elementor-element-b6e4164 elementor-section-boxed elementor-section-height-default elementor-section-height-default\" data-id=\"b6e4164\" data-element_type=\"section\">\n\t\t\t\t\t\t<div class=\"elementor-container elementor-column-gap-default\">\n\t\t\t\t\t\t\t<div class=\"elementor-row\">\n\t\t\t\t\t<div class=\"elementor-column elementor-col-100 elementor-top-column elementor-element elementor-element-9f0c305\" data-id=\"9f0c305\" data-element_type=\"column\">\n\t\t\t<div class=\"elementor-column-wrap elementor-element-populated\">\n\t\t\t\t\t\t\t<div class=\"elementor-widget-wrap\">\n\t\t\t\t\t\t<div class=\"elementor-element elementor-element-fc48838 elementor-widget elementor-widget-shortcode\" data-id=\"fc48838\" data-element_type=\"widget\" data-widget_type=\"shortcode.default\">\n\t\t\t\t<div class=\"elementor-widget-container\">\n\t\t\t\t\t<div class=\"elementor-shortcode\"><br \/>Widget not in any sidebars<br \/><\/div>\n\t\t\t\t<\/div>\n\t\t\t\t<\/div>\n\t\t\t\t\t\t<\/div>\n\t\t\t\t\t<\/div>\n\t\t<\/div>\n\t\t\t\t\t\t\t\t<\/div>\n\t\t\t\t\t<\/div>\n\t\t<\/section>\n\t\t\t\t<section class=\"elementor-section elementor-top-section elementor-element elementor-element-74a8f25 elementor-section-boxed elementor-section-height-default elementor-section-height-default\" data-id=\"74a8f25\" data-element_type=\"section\">\n\t\t\t\t\t\t<div class=\"elementor-container elementor-column-gap-default\">\n\t\t\t\t\t\t\t<div class=\"elementor-row\">\n\t\t\t\t\t<div class=\"elementor-column elementor-col-100 elementor-top-column elementor-element elementor-element-e38a76d\" data-id=\"e38a76d\" data-element_type=\"column\">\n\t\t\t<div class=\"elementor-column-wrap elementor-element-populated\">\n\t\t\t\t\t\t\t<div class=\"elementor-widget-wrap\">\n\t\t\t\t\t\t<div class=\"elementor-element elementor-element-e9b276d elementor-widget elementor-widget-lae-heading\" data-id=\"e9b276d\" data-element_type=\"widget\" data-widget_type=\"lae-heading.default\">\n\t\t\t\t<div class=\"elementor-widget-container\">\n\t\t\t\n   <!--       -->\n\n        <div class=\"lae-heading lae-style2 lae-alignleft\" >\n\n            \n                <div class=\"lae-subtitle\">PERCORSI FORMATVI - AREA SOFT SKILLS<\/div>\n\n            \n            <h1 class=\"lae-title\">Intelligenza Emotiva<\/h1>\n\n            \n        <\/div>\n\n        \t\t<\/div>\n\t\t\t\t<\/div>\n\t\t\t\t\t\t<\/div>\n\t\t\t\t\t<\/div>\n\t\t<\/div>\n\t\t\t\t\t\t\t\t<\/div>\n\t\t\t\t\t<\/div>\n\t\t<\/section>\n\t\t\t\t<section class=\"elementor-section elementor-top-section elementor-element elementor-element-cbf72a8 elementor-section-boxed elementor-section-height-default elementor-section-height-default\" data-id=\"cbf72a8\" data-element_type=\"section\">\n\t\t\t\t\t\t<div class=\"elementor-container elementor-column-gap-default\">\n\t\t\t\t\t\t\t<div class=\"elementor-row\">\n\t\t\t\t\t<div class=\"elementor-column elementor-col-100 elementor-top-column elementor-element elementor-element-8ee7615\" data-id=\"8ee7615\" data-element_type=\"column\">\n\t\t\t<div class=\"elementor-column-wrap elementor-element-populated\">\n\t\t\t\t\t\t\t<div class=\"elementor-widget-wrap\">\n\t\t\t\t\t\t<div class=\"elementor-element elementor-element-8edc4b0 elementor-widget elementor-widget-text-editor\" data-id=\"8edc4b0\" data-element_type=\"widget\" data-widget_type=\"text-editor.default\">\n\t\t\t\t<div class=\"elementor-widget-container\">\n\t\t\t\t\t<div class=\"elementor-text-editor elementor-clearfix\"><p>ECOLE in collaborazione con Open Human Solutions propone il corso di Intelligenza Emotiva.<\/p>\n<p>Ci sono una serie di fattori importanti da tenere in considerazione quando si parla di Intelligenza Emotiva. Non c\u2019\u00e8 infatti un tema solo del \u201csaper curare\u201d ma anche del \u201cprendersi cura\u201d. Prestare attenzione, prendere tempo, comprendere l\u2019altro, stabilire una relazione con il paziente: sono tutti aspetti e comportamenti decisivi per il paziente. A questo bisogna aggiungere gli strascichi psicologici ed emotivi che la Pandemia ha portato con s\u00e9 (e che ancora crea reazioni e comportamenti da gestire per tutto il personale sanitario). Ancora, vi \u00e8 un tema legato all&#8217;aumento dei conflitti nei contesti ospedalieri e che pu\u00f2 essere prevenuta andando a lavorare sulla competenza emotiva e relazionale degli Operatori.\u00a0<\/p>\n<p>Una rassegna di studi ha riscontrato che la soddisfazione dei pazienti cresce in misura proporzionale al grado di empatia mostrato da medici e infermieri e da tutto il personale. In questa direzione il corso di Intelligenza Emotiva vuole dare strumenti di auto-efficacia e efficace relazione con pazienti, oltre che parenti e colleghi, per rispondere alla complessa sfida crescente che le organizzazioni sanitarie si trovano a dover affrontare.<\/p><\/div>\n\t\t\t\t<\/div>\n\t\t\t\t<\/div>\n\t\t\t\t<div class=\"elementor-element elementor-element-2b7279d elementor-widget elementor-widget-toggle\" data-id=\"2b7279d\" data-element_type=\"widget\" data-widget_type=\"toggle.default\">\n\t\t\t\t<div class=\"elementor-widget-container\">\n\t\t\t\t\t<div class=\"elementor-toggle\" role=\"tablist\">\n\t\t\t\t\t\t\t<div class=\"elementor-toggle-item\">\n\t\t\t\t\t<div id=\"elementor-tab-title-4551\" class=\"elementor-tab-title\" data-tab=\"1\" role=\"tab\" aria-controls=\"elementor-tab-content-4551\">\n\t\t\t\t\t\t\t\t\t\t\t\t<span class=\"elementor-toggle-icon elementor-toggle-icon-left\" aria-hidden=\"true\">\n\t\t\t\t\t\t\t\t\t\t\t\t\t\t\t<span class=\"elementor-toggle-icon-closed\"><i class=\"fas fa-caret-right\"><\/i><\/span>\n\t\t\t\t\t\t\t\t<span class=\"elementor-toggle-icon-opened\"><i class=\"elementor-toggle-icon-opened fas fa-caret-up\"><\/i><\/span>\n\t\t\t\t\t\t\t\t\t\t\t\t\t<\/span>\n\t\t\t\t\t\t\t\t\t\t\t\t<a href=\"\" class=\"elementor-toggle-title\">OBIETTIVI FORMATIVI<\/a>\n\t\t\t\t\t<\/div>\n\t\t\t\t\t<div id=\"elementor-tab-content-4551\" class=\"elementor-tab-content elementor-clearfix\" data-tab=\"1\" role=\"tabpanel\" aria-labelledby=\"elementor-tab-title-4551\"><p>Il corso si propone di migliorare le competenze relazionali nei professionisti delle relazioni di aiuto attraverso l\u2019introduzione del modello dell\u2019Intelligenza Emotiva.<\/p><\/div>\n\t\t\t\t<\/div>\n\t\t\t\t\t\t\t<div class=\"elementor-toggle-item\">\n\t\t\t\t\t<div id=\"elementor-tab-title-4552\" class=\"elementor-tab-title\" data-tab=\"2\" role=\"tab\" aria-controls=\"elementor-tab-content-4552\">\n\t\t\t\t\t\t\t\t\t\t\t\t<span class=\"elementor-toggle-icon elementor-toggle-icon-left\" aria-hidden=\"true\">\n\t\t\t\t\t\t\t\t\t\t\t\t\t\t\t<span class=\"elementor-toggle-icon-closed\"><i class=\"fas fa-caret-right\"><\/i><\/span>\n\t\t\t\t\t\t\t\t<span class=\"elementor-toggle-icon-opened\"><i class=\"elementor-toggle-icon-opened fas fa-caret-up\"><\/i><\/span>\n\t\t\t\t\t\t\t\t\t\t\t\t\t<\/span>\n\t\t\t\t\t\t\t\t\t\t\t\t<a href=\"\" class=\"elementor-toggle-title\">DESTINATARI<\/a>\n\t\t\t\t\t<\/div>\n\t\t\t\t\t<div id=\"elementor-tab-content-4552\" class=\"elementor-tab-content elementor-clearfix\" data-tab=\"2\" role=\"tabpanel\" aria-labelledby=\"elementor-tab-title-4552\"><p>Operatori quali infermieri, OSS, OSA, medici, personale di front-office, amministrativi e tecnici<\/p><\/div>\n\t\t\t\t<\/div>\n\t\t\t\t\t\t\t<div class=\"elementor-toggle-item\">\n\t\t\t\t\t<div id=\"elementor-tab-title-4553\" class=\"elementor-tab-title\" data-tab=\"3\" role=\"tab\" aria-controls=\"elementor-tab-content-4553\">\n\t\t\t\t\t\t\t\t\t\t\t\t<span class=\"elementor-toggle-icon elementor-toggle-icon-left\" aria-hidden=\"true\">\n\t\t\t\t\t\t\t\t\t\t\t\t\t\t\t<span class=\"elementor-toggle-icon-closed\"><i class=\"fas fa-caret-right\"><\/i><\/span>\n\t\t\t\t\t\t\t\t<span class=\"elementor-toggle-icon-opened\"><i class=\"elementor-toggle-icon-opened fas fa-caret-up\"><\/i><\/span>\n\t\t\t\t\t\t\t\t\t\t\t\t\t<\/span>\n\t\t\t\t\t\t\t\t\t\t\t\t<a href=\"\" class=\"elementor-toggle-title\">PROGRAMMA<\/a>\n\t\t\t\t\t<\/div>\n\t\t\t\t\t<div id=\"elementor-tab-content-4553\" class=\"elementor-tab-content elementor-clearfix\" data-tab=\"3\" role=\"tabpanel\" aria-labelledby=\"elementor-tab-title-4553\"><p><strong>Prima giornata<\/strong><\/p>\n<table style=\"border-collapse: collapse; width: 100%; height: 338px;\">\n<tbody>\n<tr style=\"height: 48px;\">\n<td style=\"width: 16.6164%; height: 43px; text-align: center; vertical-align: middle;\">8.30-9.00<\/td>\n<td style=\"width: 83.3836%; height: 43px; text-align: left; vertical-align: middle;\">\n<p><em>Accoglienza dei partecipanti\u00a0<\/em><\/p>\n<\/td>\n<\/tr>\n<tr style=\"height: 55px;\">\n<td style=\"width: 16.6164%; height: 55px; text-align: center; vertical-align: middle;\">9.00-11.00<\/td>\n<td style=\"width: 83.3836%; height: 55px; text-align: left; vertical-align: middle;\">Scenario. Elaborazione degli aspetti emotivi. Cosa succede in situazione di crisi eccezionali<\/td>\n<\/tr>\n<tr style=\"height: 68px;\">\n<td style=\"width: 16.6164%; height: 68px; text-align: center; vertical-align: middle;\">11.00-13.00<\/td>\n<td style=\"width: 83.3836%; height: 68px; text-align: left; vertical-align: middle;\">Autoconsapevolezza emotiva: accendere la luce all&#8217;interno di s\u00e8. Riconoscere le emozioni. Alfabetizzazione emotiva e modelli a confronto<\/td>\n<\/tr>\n<tr style=\"height: 81px;\">\n<td style=\"width: 16.6164%; height: 10px; text-align: center; vertical-align: middle;\">13.00-14.00<\/td>\n<td style=\"width: 83.3836%; height: 10px; text-align: left; vertical-align: middle;\"><em>Pausa Pranzo<\/em><\/td>\n<\/tr>\n<tr style=\"height: 22px;\">\n<td style=\"width: 16.6164%; height: 31px; text-align: center; vertical-align: middle;\">14.00-15.30<\/td>\n<td style=\"width: 83.3836%; height: 31px; text-align: left; vertical-align: middle;\">Il Significato di Competenza Emotiva: le emozioni e il diritto di provarle nella relazione con s\u00e9 e con gli altri stakeholder<\/td>\n<\/tr>\n<tr style=\"height: 24px;\">\n<td style=\"width: 16.6164%; text-align: center; height: 24px; vertical-align: middle;\">15.30-16.15<\/td>\n<td style=\"width: 83.3836%; height: 24px; text-align: left; vertical-align: middle;\">Competenza Emotiva: l\u2019ansia, la paura, la gestione delle emozioni negative<\/td>\n<\/tr>\n<tr style=\"height: 55px;\">\n<td style=\"width: 16.6164%; text-align: center; vertical-align: middle; height: 55px;\">16.15-17.30<\/td>\n<td style=\"width: 83.3836%; text-align: left; vertical-align: middle; height: 55px;\">Gestione delle Relazioni \u2013 Comunicare efficacemente: le regole che favoriscono la chiarezza<\/td>\n<\/tr>\n<tr style=\"height: 52px;\">\n<td style=\"width: 16.6164%; text-align: center; vertical-align: middle; height: 52px;\">17.30-18.00<\/td>\n<td style=\"width: 83.3836%; text-align: left; vertical-align: middle; height: 52px;\">Primo feedback finale. Cosa mi porto a casa e quale impatto sul mio day-by-day<\/td>\n<\/tr>\n<\/tbody>\n<\/table>\n<p><strong>Seconda giornata<\/strong><\/p>\n<table style=\"border-collapse: collapse; width: 89.5522%; height: 305px;\">\n<tbody>\n<tr style=\"height: 48px;\">\n<td style=\"width: 19.0163%; height: 48px; text-align: center; vertical-align: middle;\">8.30-9.00<\/td>\n<td style=\"width: 80.9837%; height: 48px; text-align: left; vertical-align: middle;\"><em>Registrazione dei partecipanti<\/em><\/td>\n<\/tr>\n<tr style=\"height: 55px;\">\n<td style=\"width: 19.0163%; height: 10px; text-align: center; vertical-align: middle;\">9.00-11.00<\/td>\n<td style=\"width: 80.9837%; height: 10px; text-align: left; vertical-align: middle;\">Intelligenza Sociale: il bisogno di riconoscimento e la svalutazione<\/td>\n<\/tr>\n<tr style=\"height: 68px;\">\n<td style=\"width: 19.0163%; height: 25px; text-align: center; vertical-align: middle;\">11.00-13.00<\/td>\n<td style=\"width: 80.9837%; height: 25px; text-align: left; vertical-align: middle;\">Empatia e Burn-out. I livelli di empatia e le azioni possibili. I &#8220;falsi miti&#8221; e le cose da non fare<\/td>\n<\/tr>\n<tr style=\"height: 81px;\">\n<td style=\"width: 19.0163%; height: 10px; text-align: center; vertical-align: middle;\">13.00-14.00<\/td>\n<td style=\"width: 80.9837%; height: 10px; text-align: left; vertical-align: middle;\"><em>Pausa pranzo<\/em><\/td>\n<\/tr>\n<tr style=\"height: 22px;\">\n<td style=\"width: 19.0163%; height: 10px; text-align: center; vertical-align: middle;\">14.00-15.00<\/td>\n<td style=\"width: 80.9837%; height: 10px; text-align: left; vertical-align: middle;\">Empatia e Burn-out. I livelli di empatia e le azioni possibili. I &#8220;falsi miti&#8221; e le cose da non fare<\/td>\n<\/tr>\n<tr style=\"height: 86px;\">\n<td style=\"width: 19.0163%; text-align: center; height: 10px; vertical-align: middle;\">15.00-16.00<\/td>\n<td style=\"width: 80.9837%; height: 10px; text-align: left; vertical-align: middle;\">Gestione di s\u00e9 e Gestione delle Relazioni. Dare il limite. Dare riconoscimenti, gestire le spinte, darsi i &#8220;permessi&#8221;<\/td>\n<\/tr>\n<tr style=\"height: 72px;\">\n<td style=\"width: 19.0163%; text-align: center; vertical-align: middle; height: 72px;\">16.00-16.45<\/td>\n<td style=\"width: 80.9837%; text-align: left; vertical-align: middle; height: 72px;\">I comportamenti dell&#8217;Emotivamente intelligente. Insights pratici di Intelligenza Emotiva applicato alla realt\u00e0<\/td>\n<\/tr>\n<tr style=\"height: 72px;\">\n<td style=\"width: 19.0163%; text-align: center; vertical-align: middle; height: 72px;\">16.45-17.30<\/td>\n<td style=\"width: 80.9837%; text-align: left; vertical-align: middle; height: 72px;\">Piani di azioni per il futuro, scelta dei comportamenti e misurabilit\u00e0 dell&#8217;impatto della formazione<\/td>\n<\/tr>\n<tr style=\"height: 48px;\">\n<td style=\"width: 19.0163%; text-align: center; vertical-align: middle; height: 48px;\">17.30-18.00<\/td>\n<td style=\"width: 80.9837%; text-align: left; vertical-align: middle; height: 48px;\">Feedback finale. Aspetti di efficacia e determinazioni finali<\/td>\n<\/tr>\n<\/tbody>\n<\/table><\/div>\n\t\t\t\t<\/div>\n\t\t\t\t\t\t\t<div class=\"elementor-toggle-item\">\n\t\t\t\t\t<div id=\"elementor-tab-title-4554\" class=\"elementor-tab-title\" data-tab=\"4\" role=\"tab\" aria-controls=\"elementor-tab-content-4554\">\n\t\t\t\t\t\t\t\t\t\t\t\t<span class=\"elementor-toggle-icon elementor-toggle-icon-left\" aria-hidden=\"true\">\n\t\t\t\t\t\t\t\t\t\t\t\t\t\t\t<span class=\"elementor-toggle-icon-closed\"><i class=\"fas fa-caret-right\"><\/i><\/span>\n\t\t\t\t\t\t\t\t<span class=\"elementor-toggle-icon-opened\"><i class=\"elementor-toggle-icon-opened fas fa-caret-up\"><\/i><\/span>\n\t\t\t\t\t\t\t\t\t\t\t\t\t<\/span>\n\t\t\t\t\t\t\t\t\t\t\t\t<a href=\"\" class=\"elementor-toggle-title\">DURATA<\/a>\n\t\t\t\t\t<\/div>\n\t\t\t\t\t<div id=\"elementor-tab-content-4554\" class=\"elementor-tab-content elementor-clearfix\" data-tab=\"4\" role=\"tabpanel\" aria-labelledby=\"elementor-tab-title-4554\"><p>2 giornate formative<\/p><\/div>\n\t\t\t\t<\/div>\n\t\t\t\t\t<\/div>\n\t\t\t\t<\/div>\n\t\t\t\t<\/div>\n\t\t\t\t\t\t<\/div>\n\t\t\t\t\t<\/div>\n\t\t<\/div>\n\t\t\t\t\t\t\t\t<\/div>\n\t\t\t\t\t<\/div>\n\t\t<\/section>\n\t\t\t\t\t\t<\/div>\n\t\t\t\t\t\t<\/div>\n\t\t\t\t\t<\/div>\n\t\t","protected":false},"excerpt":{"rendered":"<p>PERCORSI FORMATVI &#8211; AREA SOFT SKILLS Intelligenza Emotiva ECOLE in collaborazione con Open Human Solutions propone il corso di Intelligenza Emotiva. Ci sono una serie di fattori importanti da tenere in considerazione quando si parla di Intelligenza Emotiva. Non c\u2019\u00e8 infatti un tema solo del \u201csaper curare\u201d ma anche del \u201cprendersi cura\u201d. Prestare attenzione, prendere.<\/p>\n","protected":false},"author":12,"featured_media":0,"parent":7359,"menu_order":0,"comment_status":"closed","ping_status":"closed","template":"","meta":{"footnotes":""},"class_list":["post-13683","page","type-page","status-publish","hentry"],"_links":{"self":[{"href":"https:\/\/www.myecole.it\/ooc\/wp-json\/wp\/v2\/pages\/13683","targetHints":{"allow":["GET"]}}],"collection":[{"href":"https:\/\/www.myecole.it\/ooc\/wp-json\/wp\/v2\/pages"}],"about":[{"href":"https:\/\/www.myecole.it\/ooc\/wp-json\/wp\/v2\/types\/page"}],"author":[{"embeddable":true,"href":"https:\/\/www.myecole.it\/ooc\/wp-json\/wp\/v2\/users\/12"}],"replies":[{"embeddable":true,"href":"https:\/\/www.myecole.it\/ooc\/wp-json\/wp\/v2\/comments?post=13683"}],"version-history":[{"count":0,"href":"https:\/\/www.myecole.it\/ooc\/wp-json\/wp\/v2\/pages\/13683\/revisions"}],"up":[{"embeddable":true,"href":"https:\/\/www.myecole.it\/ooc\/wp-json\/wp\/v2\/pages\/7359"}],"wp:attachment":[{"href":"https:\/\/www.myecole.it\/ooc\/wp-json\/wp\/v2\/media?parent=13683"}],"curies":[{"name":"wp","href":"https:\/\/api.w.org\/{rel}","templated":true}]}}