{"id":19820,"date":"2024-04-24T10:14:59","date_gmt":"2024-04-24T08:14:59","guid":{"rendered":"https:\/\/www.myecole.it\/ooc\/?page_id=19820"},"modified":"2024-07-02T09:42:14","modified_gmt":"2024-07-02T07:42:14","slug":"avviso-1-2024-transizioni-digitali","status":"publish","type":"page","link":"https:\/\/www.myecole.it\/ooc\/finanziamenti\/finanziamenti-chiusi\/avviso-1-2024-transizioni-digitali\/","title":{"rendered":"Avviso 1\/2024 Transizioni Digitali"},"content":{"rendered":"\t\t<div data-elementor-type=\"wp-page\" data-elementor-id=\"19820\" class=\"elementor elementor-19820\" data-elementor-settings=\"[]\">\n\t\t\t\t\t\t<div class=\"elementor-inner\">\n\t\t\t\t\t\t\t<div class=\"elementor-section-wrap\">\n\t\t\t\t\t\t\t<section class=\"elementor-section elementor-top-section elementor-element elementor-element-3b11d21 elementor-section-boxed elementor-section-height-default elementor-section-height-default\" data-id=\"3b11d21\" data-element_type=\"section\">\n\t\t\t\t\t\t<div class=\"elementor-container elementor-column-gap-default\">\n\t\t\t\t\t\t\t<div class=\"elementor-row\">\n\t\t\t\t\t<div class=\"elementor-column elementor-col-100 elementor-top-column elementor-element elementor-element-f684f93\" data-id=\"f684f93\" data-element_type=\"column\">\n\t\t\t<div class=\"elementor-column-wrap elementor-element-populated\">\n\t\t\t\t\t\t\t<div class=\"elementor-widget-wrap\">\n\t\t\t\t\t\t<div class=\"elementor-element elementor-element-ff18f15 elementor-widget elementor-widget-image\" data-id=\"ff18f15\" data-element_type=\"widget\" data-widget_type=\"image.default\">\n\t\t\t\t<div class=\"elementor-widget-container\">\n\t\t\t\t\t<div class=\"elementor-image\">\n\t\t\t\t\t\t\t\t\t\t<img loading=\"lazy\" decoding=\"async\" width=\"300\" height=\"222\" src=\"https:\/\/www.myecole.it\/ooc\/wp-content\/uploads\/2020\/03\/FONDIRIGENTI_LOGO_VERT_Blu_RGB-300x222.png\" class=\"attachment-medium size-medium\" alt=\"\" srcset=\"https:\/\/www.myecole.it\/ooc\/wp-content\/uploads\/2020\/03\/FONDIRIGENTI_LOGO_VERT_Blu_RGB-300x222.png 300w, https:\/\/www.myecole.it\/ooc\/wp-content\/uploads\/2020\/03\/FONDIRIGENTI_LOGO_VERT_Blu_RGB-1024x756.png 1024w, https:\/\/www.myecole.it\/ooc\/wp-content\/uploads\/2020\/03\/FONDIRIGENTI_LOGO_VERT_Blu_RGB-768x567.png 768w, https:\/\/www.myecole.it\/ooc\/wp-content\/uploads\/2020\/03\/FONDIRIGENTI_LOGO_VERT_Blu_RGB-1536x1135.png 1536w, https:\/\/www.myecole.it\/ooc\/wp-content\/uploads\/2020\/03\/FONDIRIGENTI_LOGO_VERT_Blu_RGB-2048x1513.png 2048w, https:\/\/www.myecole.it\/ooc\/wp-content\/uploads\/2020\/03\/FONDIRIGENTI_LOGO_VERT_Blu_RGB-100x75.png 100w, https:\/\/www.myecole.it\/ooc\/wp-content\/uploads\/2020\/03\/FONDIRIGENTI_LOGO_VERT_Blu_RGB-340x251.png 340w\" sizes=\"(max-width: 300px) 100vw, 300px\" \/>\t\t\t\t\t\t\t\t\t\t\t<\/div>\n\t\t\t\t<\/div>\n\t\t\t\t<\/div>\n\t\t\t\t<div class=\"elementor-element elementor-element-2aac325 elementor-widget elementor-widget-heading\" data-id=\"2aac325\" data-element_type=\"widget\" data-widget_type=\"heading.default\">\n\t\t\t\t<div class=\"elementor-widget-container\">\n\t\t\t<h2 class=\"elementor-heading-title elementor-size-default\">Avviso 1\/2024 - TRANSIZIONI DIGITALI: MINDSET E COMPETENZE MANAGERIALI PER LA COMPETITIVIT\u00c0 D\u2019IMPRESA\n\n<\/h2>\t\t<\/div>\n\t\t\t\t<\/div>\n\t\t\t\t\t\t<\/div>\n\t\t\t\t\t<\/div>\n\t\t<\/div>\n\t\t\t\t\t\t\t\t<\/div>\n\t\t\t\t\t<\/div>\n\t\t<\/section>\n\t\t\t\t<section class=\"elementor-section elementor-top-section elementor-element elementor-element-79f870c elementor-section-boxed elementor-section-height-default elementor-section-height-default\" data-id=\"79f870c\" data-element_type=\"section\">\n\t\t\t\t\t\t<div class=\"elementor-container elementor-column-gap-default\">\n\t\t\t\t\t\t\t<div class=\"elementor-row\">\n\t\t\t\t\t<div class=\"elementor-column elementor-col-100 elementor-top-column elementor-element elementor-element-ada26ed\" data-id=\"ada26ed\" data-element_type=\"column\">\n\t\t\t<div class=\"elementor-column-wrap elementor-element-populated\">\n\t\t\t\t\t\t\t<div class=\"elementor-widget-wrap\">\n\t\t\t\t\t\t<div class=\"elementor-element elementor-element-c274402 elementor-widget elementor-widget-text-editor\" data-id=\"c274402\" data-element_type=\"widget\" data-widget_type=\"text-editor.default\">\n\t\t\t\t<div class=\"elementor-widget-container\">\n\t\t\t\t\t<div class=\"elementor-text-editor elementor-clearfix\"><p><em>L&#8217;Avviso finanzia l<\/em>o sviluppo delle competenze manageriali necessarie per il miglior utilizzo dell\u2019innovazione tecnologica e, in particolare della digitalizzazione, a supporto della competitivit\u00e0 aziendale e dell\u2019occupabilit\u00e0 dei dirigenti.<\/p>\n<p>Areee di intervento formativo:<\/p>\n<ol style=\"list-style-type: lower-roman;\">\n<li><strong>Strategie di sostenibilit\u00e0:<\/strong> Interventi volti a sfruttare la leva digitale per migliorare processi di pianificazione e innovazione strategica per la transizione sostenibile in chiave ESG. <strong><em>Possibili ambiti formativi:<\/em><\/strong> Tecnologie per la riduzione dei consumi di materie prime, di acqua, di energia e per l\u2019efficientamento di risorse; Intelligenza artificiale per lo sviluppo di innovazione, sostenibilit\u00e0 e processi di economia circolare; Data analysis per il monitoraggio degli obiettivi ESG; Competenze digitali per lo sviluppo di progetti orientati al green e alla sostenibilit\u00e0; Sistemi evoluti di utilizzo dei dati per l\u2019efficientamento e la diminuzione di consumi e per la promozione di pratiche sostenibili; Sistemi di monitoraggio e loro interazione con i sistemi di automazione.<\/li>\n<li><strong>Processi aziendali:<\/strong> Interventi volti a supportare l\u2019utilizzo di nuove tecnologie digitali per innovare i processi produttivi aziendali. <strong><em>Possibili ambiti formativi:<\/em><\/strong> Digital Lean; Digital supply chain; Ridefinizione della catena di fornitura tramite Internet of Things; Business intelligence; Big Data; Business Analytics; Digital marketing; Marketing analytics; CRM; Social media analysis; Strategie e tattiche di Marketing 5.0; Cyber Security e Blockchain technology; Manifattura additiva, Machine learning e Machine collaboration; Intelligenza artificiale; Realt\u00e0 aumentata, Multiverso e Metaverso.<\/li>\n<li><strong>Organizzazione del lavoro:<\/strong> Interventi volti a supportare l\u2019impiego della leva digitale per migliorare ed innovare l\u2019organizzazione del lavoro. <em><strong>Possibili ambiti formativi:<\/strong><\/em> Strumenti digitali per la progettazione e pianificazione delle modalit\u00e0 e dei processi lavorativi; Strumenti digitali per il recruiting; Strumenti digitali per la valutazione delle performance; Strumenti digitali per gestire i servizi di welfare e per lo sviluppo del Capitale Umano.<\/li>\n<li><strong>Capacit\u00e0 individuali:<\/strong> Interventi volti a supportare l\u2019innovazione del mindset manageriale per governare le innovazioni tecnologiche e guidare il cambiamento tecnologico, rafforzando la capacit\u00e0 di saper risolvere problemi complessi attraverso un utilizzo consapevole degli strumenti digitali e tenendo conto degli aspetti etici connessi al loro utilizzo. <strong><em>Possibili ambiti formativi:<\/em><\/strong> Capacit\u00e0 di organizzare e capitalizzare la connessione tra reti e comunit\u00e0 virtuali (Knowledge Networking); Capacit\u00e0 di comunicare efficacemente, coordinare i progetti e gestire la propria identit\u00e0 digitale in ambienti digitali (Virtual Communication); Capacit\u00e0 di usare correttamente gli strumenti digitali con la dovuta attenzione all\u2019equilibrio tra vita professionale e salute personale (Digital Awareness): proteggere i dispositivi, proteggere i dati personali e la privacy, tutelare la salute e il benessere, Netiquette.<\/li>\n<\/ol><\/div>\n\t\t\t\t<\/div>\n\t\t\t\t<\/div>\n\t\t\t\t\t\t<\/div>\n\t\t\t\t\t<\/div>\n\t\t<\/div>\n\t\t\t\t\t\t\t\t<\/div>\n\t\t\t\t\t<\/div>\n\t\t<\/section>\n\t\t\t\t<section class=\"elementor-section elementor-top-section elementor-element elementor-element-e34514e elementor-section-boxed elementor-section-height-default elementor-section-height-default\" data-id=\"e34514e\" data-element_type=\"section\">\n\t\t\t\t\t\t<div class=\"elementor-container elementor-column-gap-default\">\n\t\t\t\t\t\t\t<div class=\"elementor-row\">\n\t\t\t\t\t<div class=\"elementor-column elementor-col-100 elementor-top-column elementor-element elementor-element-1bd0161\" data-id=\"1bd0161\" data-element_type=\"column\">\n\t\t\t<div class=\"elementor-column-wrap elementor-element-populated\">\n\t\t\t\t\t\t\t<div class=\"elementor-widget-wrap\">\n\t\t\t\t\t\t<div class=\"elementor-element elementor-element-15b089d elementor-widget elementor-widget-heading\" data-id=\"15b089d\" data-element_type=\"widget\" data-widget_type=\"heading.default\">\n\t\t\t\t<div class=\"elementor-widget-container\">\n\t\t\t<h3 class=\"elementor-heading-title elementor-size-default\">Dotazione finanziaria<\/h3>\t\t<\/div>\n\t\t\t\t<\/div>\n\t\t\t\t\t\t<\/div>\n\t\t\t\t\t<\/div>\n\t\t<\/div>\n\t\t\t\t\t\t\t\t<\/div>\n\t\t\t\t\t<\/div>\n\t\t<\/section>\n\t\t\t\t<section class=\"elementor-section elementor-top-section elementor-element elementor-element-c81866f elementor-section-boxed elementor-section-height-default elementor-section-height-default\" data-id=\"c81866f\" data-element_type=\"section\">\n\t\t\t\t\t\t<div class=\"elementor-container elementor-column-gap-default\">\n\t\t\t\t\t\t\t<div class=\"elementor-row\">\n\t\t\t\t\t<div class=\"elementor-column elementor-col-100 elementor-top-column elementor-element elementor-element-ff0ffaf\" data-id=\"ff0ffaf\" data-element_type=\"column\">\n\t\t\t<div class=\"elementor-column-wrap elementor-element-populated\">\n\t\t\t\t\t\t\t<div class=\"elementor-widget-wrap\">\n\t\t\t\t\t\t<div class=\"elementor-element elementor-element-9b14735 elementor-widget elementor-widget-text-editor\" data-id=\"9b14735\" data-element_type=\"widget\" data-widget_type=\"text-editor.default\">\n\t\t\t\t<div class=\"elementor-widget-container\">\n\t\t\t\t\t<div class=\"elementor-text-editor elementor-clearfix\"><p>\u20ac 10.000.000.<\/p><\/div>\n\t\t\t\t<\/div>\n\t\t\t\t<\/div>\n\t\t\t\t\t\t<\/div>\n\t\t\t\t\t<\/div>\n\t\t<\/div>\n\t\t\t\t\t\t\t\t<\/div>\n\t\t\t\t\t<\/div>\n\t\t<\/section>\n\t\t\t\t<section class=\"elementor-section elementor-top-section elementor-element elementor-element-541d74c elementor-section-boxed elementor-section-height-default elementor-section-height-default\" data-id=\"541d74c\" data-element_type=\"section\">\n\t\t\t\t\t\t<div class=\"elementor-container elementor-column-gap-default\">\n\t\t\t\t\t\t\t<div class=\"elementor-row\">\n\t\t\t\t\t<div class=\"elementor-column elementor-col-100 elementor-top-column elementor-element elementor-element-53df2d1\" data-id=\"53df2d1\" data-element_type=\"column\">\n\t\t\t<div class=\"elementor-column-wrap elementor-element-populated\">\n\t\t\t\t\t\t\t<div class=\"elementor-widget-wrap\">\n\t\t\t\t\t\t<div class=\"elementor-element elementor-element-40551c8 elementor-widget elementor-widget-heading\" data-id=\"40551c8\" data-element_type=\"widget\" data-widget_type=\"heading.default\">\n\t\t\t\t<div class=\"elementor-widget-container\">\n\t\t\t<h3 class=\"elementor-heading-title elementor-size-default\">I beneficiari<\/h3>\t\t<\/div>\n\t\t\t\t<\/div>\n\t\t\t\t\t\t<\/div>\n\t\t\t\t\t<\/div>\n\t\t<\/div>\n\t\t\t\t\t\t\t\t<\/div>\n\t\t\t\t\t<\/div>\n\t\t<\/section>\n\t\t\t\t<section class=\"elementor-section elementor-top-section elementor-element elementor-element-cece1e9 elementor-section-boxed elementor-section-height-default elementor-section-height-default\" data-id=\"cece1e9\" data-element_type=\"section\">\n\t\t\t\t\t\t<div class=\"elementor-container elementor-column-gap-default\">\n\t\t\t\t\t\t\t<div class=\"elementor-row\">\n\t\t\t\t\t<div class=\"elementor-column elementor-col-100 elementor-top-column elementor-element elementor-element-19a76b5\" data-id=\"19a76b5\" data-element_type=\"column\">\n\t\t\t<div class=\"elementor-column-wrap elementor-element-populated\">\n\t\t\t\t\t\t\t<div class=\"elementor-widget-wrap\">\n\t\t\t\t\t\t<div class=\"elementor-element elementor-element-8d0e0eb elementor-widget elementor-widget-text-editor\" data-id=\"8d0e0eb\" data-element_type=\"widget\" data-widget_type=\"text-editor.default\">\n\t\t\t\t<div class=\"elementor-widget-container\">\n\t\t\t\t\t<div class=\"elementor-text-editor elementor-clearfix\"><p>Dirigenti occupati presso aziende di qualsiasi dimensione e settore. Possibilit\u00e0 di coinvolgimento come uditori di altre figure manageriali (imprenditori, manager, giovani manager non inquadrati come dirigenti.<br \/><br \/><\/p><\/div>\n\t\t\t\t<\/div>\n\t\t\t\t<\/div>\n\t\t\t\t\t\t<\/div>\n\t\t\t\t\t<\/div>\n\t\t<\/div>\n\t\t\t\t\t\t\t\t<\/div>\n\t\t\t\t\t<\/div>\n\t\t<\/section>\n\t\t\t\t<section class=\"elementor-section elementor-top-section elementor-element elementor-element-d544546 elementor-section-boxed elementor-section-height-default elementor-section-height-default\" data-id=\"d544546\" data-element_type=\"section\">\n\t\t\t\t\t\t<div class=\"elementor-container elementor-column-gap-default\">\n\t\t\t\t\t\t\t<div class=\"elementor-row\">\n\t\t\t\t\t<div class=\"elementor-column elementor-col-100 elementor-top-column elementor-element elementor-element-0cdbf6a\" data-id=\"0cdbf6a\" data-element_type=\"column\">\n\t\t\t<div class=\"elementor-column-wrap elementor-element-populated\">\n\t\t\t\t\t\t\t<div class=\"elementor-widget-wrap\">\n\t\t\t\t\t\t<div class=\"elementor-element elementor-element-1309c99 elementor-widget elementor-widget-heading\" data-id=\"1309c99\" data-element_type=\"widget\" data-widget_type=\"heading.default\">\n\t\t\t\t<div class=\"elementor-widget-container\">\n\t\t\t<h3 class=\"elementor-heading-title elementor-size-default\">Timing<\/h3>\t\t<\/div>\n\t\t\t\t<\/div>\n\t\t\t\t\t\t<\/div>\n\t\t\t\t\t<\/div>\n\t\t<\/div>\n\t\t\t\t\t\t\t\t<\/div>\n\t\t\t\t\t<\/div>\n\t\t<\/section>\n\t\t\t\t<section class=\"elementor-section elementor-top-section elementor-element elementor-element-ad5a098 elementor-section-boxed elementor-section-height-default elementor-section-height-default\" data-id=\"ad5a098\" data-element_type=\"section\">\n\t\t\t\t\t\t<div class=\"elementor-container elementor-column-gap-default\">\n\t\t\t\t\t\t\t<div class=\"elementor-row\">\n\t\t\t\t\t<div class=\"elementor-column elementor-col-100 elementor-top-column elementor-element elementor-element-e8b87e7\" data-id=\"e8b87e7\" data-element_type=\"column\">\n\t\t\t<div class=\"elementor-column-wrap elementor-element-populated\">\n\t\t\t\t\t\t\t<div class=\"elementor-widget-wrap\">\n\t\t\t\t\t\t<div class=\"elementor-element elementor-element-496aa01 elementor-widget elementor-widget-text-editor\" data-id=\"496aa01\" data-element_type=\"widget\" data-widget_type=\"text-editor.default\">\n\t\t\t\t<div class=\"elementor-widget-container\">\n\t\t\t\t\t<div class=\"elementor-text-editor elementor-clearfix\"><p>A partire dal <strong>8 maggio 2024<\/strong> e fino al <strong>20 giugno 2024<\/strong><\/p><\/div>\n\t\t\t\t<\/div>\n\t\t\t\t<\/div>\n\t\t\t\t\t\t<\/div>\n\t\t\t\t\t<\/div>\n\t\t<\/div>\n\t\t\t\t\t\t\t\t<\/div>\n\t\t\t\t\t<\/div>\n\t\t<\/section>\n\t\t\t\t<section class=\"elementor-section elementor-top-section elementor-element elementor-element-11b3dd4 elementor-section-boxed elementor-section-height-default elementor-section-height-default\" data-id=\"11b3dd4\" data-element_type=\"section\">\n\t\t\t\t\t\t<div class=\"elementor-container elementor-column-gap-default\">\n\t\t\t\t\t\t\t<div class=\"elementor-row\">\n\t\t\t\t\t<div class=\"elementor-column elementor-col-100 elementor-top-column elementor-element elementor-element-77af49f\" data-id=\"77af49f\" data-element_type=\"column\">\n\t\t\t<div class=\"elementor-column-wrap elementor-element-populated\">\n\t\t\t\t\t\t\t<div class=\"elementor-widget-wrap\">\n\t\t\t\t\t\t<div class=\"elementor-element elementor-element-10c6d8e elementor-widget elementor-widget-heading\" data-id=\"10c6d8e\" data-element_type=\"widget\" data-widget_type=\"heading.default\">\n\t\t\t\t<div class=\"elementor-widget-container\">\n\t\t\t<h3 class=\"elementor-heading-title elementor-size-default\">Il vantaggio economico<\/h3>\t\t<\/div>\n\t\t\t\t<\/div>\n\t\t\t\t\t\t<\/div>\n\t\t\t\t\t<\/div>\n\t\t<\/div>\n\t\t\t\t\t\t\t\t<\/div>\n\t\t\t\t\t<\/div>\n\t\t<\/section>\n\t\t\t\t<section class=\"elementor-section elementor-top-section elementor-element elementor-element-ef9b011 elementor-section-boxed elementor-section-height-default elementor-section-height-default\" data-id=\"ef9b011\" data-element_type=\"section\">\n\t\t\t\t\t\t<div class=\"elementor-container elementor-column-gap-default\">\n\t\t\t\t\t\t\t<div class=\"elementor-row\">\n\t\t\t\t\t<div class=\"elementor-column elementor-col-100 elementor-top-column elementor-element elementor-element-8bd500e\" data-id=\"8bd500e\" data-element_type=\"column\">\n\t\t\t<div class=\"elementor-column-wrap elementor-element-populated\">\n\t\t\t\t\t\t\t<div class=\"elementor-widget-wrap\">\n\t\t\t\t\t\t<div class=\"elementor-element elementor-element-ad68a99 elementor-widget elementor-widget-text-editor\" data-id=\"ad68a99\" data-element_type=\"widget\" data-widget_type=\"text-editor.default\">\n\t\t\t\t<div class=\"elementor-widget-container\">\n\t\t\t\t\t<div class=\"elementor-text-editor elementor-clearfix\"><p>Finanziamento massimo per singola azienda pari a <strong>\u20ac 12.500<\/strong><br \/>Possibilit\u00e0 di presentare piani in forma aggregata (<span style=\"text-decoration: underline;\">da 3 a 6 aziende<\/span>) cumulando le singole richieste di finanziamento con un potenziale vantaggio economico massimo di <strong>\u20ac 75.000<\/strong><\/p><\/div>\n\t\t\t\t<\/div>\n\t\t\t\t<\/div>\n\t\t\t\t\t\t<\/div>\n\t\t\t\t\t<\/div>\n\t\t<\/div>\n\t\t\t\t\t\t\t\t<\/div>\n\t\t\t\t\t<\/div>\n\t\t<\/section>\n\t\t\t\t<section class=\"elementor-section elementor-top-section elementor-element elementor-element-1d18fb7 elementor-section-boxed elementor-section-height-default elementor-section-height-default\" data-id=\"1d18fb7\" data-element_type=\"section\">\n\t\t\t\t\t\t<div class=\"elementor-container elementor-column-gap-default\">\n\t\t\t\t\t\t\t<div class=\"elementor-row\">\n\t\t\t\t\t<div class=\"elementor-column elementor-col-100 elementor-top-column elementor-element elementor-element-52d6fb7\" data-id=\"52d6fb7\" data-element_type=\"column\">\n\t\t\t<div class=\"elementor-column-wrap elementor-element-populated\">\n\t\t\t\t\t\t\t<div class=\"elementor-widget-wrap\">\n\t\t\t\t\t\t<div class=\"elementor-element elementor-element-904407b elementor-widget elementor-widget-heading\" data-id=\"904407b\" data-element_type=\"widget\" data-widget_type=\"heading.default\">\n\t\t\t\t<div class=\"elementor-widget-container\">\n\t\t\t<h3 class=\"elementor-heading-title elementor-size-default\">I vincoli<\/h3>\t\t<\/div>\n\t\t\t\t<\/div>\n\t\t\t\t\t\t<\/div>\n\t\t\t\t\t<\/div>\n\t\t<\/div>\n\t\t\t\t\t\t\t\t<\/div>\n\t\t\t\t\t<\/div>\n\t\t<\/section>\n\t\t\t\t<section class=\"elementor-section elementor-top-section elementor-element elementor-element-eb12865 elementor-section-boxed elementor-section-height-default elementor-section-height-default\" data-id=\"eb12865\" data-element_type=\"section\">\n\t\t\t\t\t\t<div class=\"elementor-container elementor-column-gap-default\">\n\t\t\t\t\t\t\t<div class=\"elementor-row\">\n\t\t\t\t\t<div class=\"elementor-column elementor-col-100 elementor-top-column elementor-element elementor-element-49f9486\" data-id=\"49f9486\" data-element_type=\"column\">\n\t\t\t<div class=\"elementor-column-wrap elementor-element-populated\">\n\t\t\t\t\t\t\t<div class=\"elementor-widget-wrap\">\n\t\t\t\t\t\t<div class=\"elementor-element elementor-element-45c88dc elementor-widget elementor-widget-text-editor\" data-id=\"45c88dc\" data-element_type=\"widget\" data-widget_type=\"text-editor.default\">\n\t\t\t\t<div class=\"elementor-widget-container\">\n\t\t\t\t\t<div class=\"elementor-text-editor elementor-clearfix\"><ul>\n<li><strong>Esclusione<\/strong> delle Grandi Imprese che hanno gi\u00e0 beneficiato di un finanziamento attraverso gli <strong>Avvisi promossi dal Fondo nel 202<\/strong>3;<\/li>\n<li>Ogni azienda pu\u00f2 presentare al <strong>max 1 piano<\/strong>;<\/li>\n<li>Viene attribuita una <strong>premialit\u00e0 (4 punti)<\/strong> ai piani aziendali singoli o aggregati presentati da <strong>Piccole Imprese<\/strong>;<\/li>\n<li>Viene attribuita una <strong>premialit\u00e0 (4 punti)<\/strong> ai piani aziendali singoli o aggregati presentati da <strong>Imprese<\/strong> di qualsiasi dimensione localizzate nel <strong>Sud Italia<\/strong>;<\/li>\n<li>Possibilit\u00e0 di presentazione di Piano aggregato (minimo 3 imprese, max 6) in cui ogni impresa dovr\u00e0 coinvolgere almeno 1 dirigente. Dovr\u00e0 essere puntualmente motivata la decisione di presentazione in forma aggragata (es. stabili forme di collaborazione tra le aziende proponenti);<\/li>\n<li>Le <strong>proposte formative<\/strong> dovranno presentare <strong>caratteristiche di originalit\u00e0<\/strong> sia nei contenuti sia nelle metodologie. I Piani dovranno proporre contenuti che non siano <em>\u201cdi base\u201d<\/em>, standard, generici, applicabili a qualunque realt\u00e0 aziendale e non dovranno limitarsi ad interventi tipici di un addestramento tecnico\/operativo;<\/li>\n<li>Le attivit\u00e0 formative potranno essere affidate solo a <strong>soggetti accreditati<\/strong>, con certificazione qualit\u00e0, universit\u00e0, istituti tecnici o liberi professionisti on <strong>almeno 5 anni di exp<\/strong> o in possesso di idonea certificazione;<\/li>\n<li>Finanziamento soggetto alla <strong>normativa sugli Aiuti di Stato<\/strong>: Reg. 2831\/2023 &#8220;De Minimis&#8221; (max \u20ac 300.000 nel triennio) o Reg. 651\/2014 (obbligo di cofinanziamento privato attraverso il costo del lavoro dei partecipanti alla formazione);<\/li>\n<li><strong>Condivisione<\/strong> del piano da parte dei Rappresentanti delle Parti Sociali (Confindustria e Federmanager);<\/li>\n<li>Richiesta di finanziamento soggetta a <strong>valutazione di merito<\/strong> (finanziabili solo i piani con <strong>punteggio non inferiore a 75\/100<\/strong>) ed a capienza delle risorse stanziate;<\/li>\n<li><strong>Approvazione<\/strong> delle graduatoria <strong>entro 90 gg<\/strong> dal termine ultimo per la presentazione dei piani;<\/li>\n<li><strong>Avvio<\/strong> della formazione solo <strong>a seguito di comunicazione di approvazion<\/strong>e del finanziamento da parte di Fondirigenti;<\/li>\n<li>L&#8217;azienda deve anticipare tutti i costi di formazione e gestione del Piano;<\/li>\n<li><strong>Rendicontazione<\/strong> del piano <strong>entro 210 giorni<\/strong> dall&#8217;approvazione da parte del Fondo.<\/li>\n<li style=\"list-style-type: none;\">\u00a0<\/li>\n<\/ul><\/div>\n\t\t\t\t<\/div>\n\t\t\t\t<\/div>\n\t\t\t\t\t\t<\/div>\n\t\t\t\t\t<\/div>\n\t\t<\/div>\n\t\t\t\t\t\t\t\t<\/div>\n\t\t\t\t\t<\/div>\n\t\t<\/section>\n\t\t\t\t<section class=\"elementor-section elementor-top-section elementor-element elementor-element-8608b5a elementor-section-boxed elementor-section-height-default elementor-section-height-default\" data-id=\"8608b5a\" data-element_type=\"section\">\n\t\t\t\t\t\t<div class=\"elementor-container elementor-column-gap-default\">\n\t\t\t\t\t\t\t<div class=\"elementor-row\">\n\t\t\t\t\t<div class=\"elementor-column elementor-col-100 elementor-top-column elementor-element elementor-element-d587c00\" data-id=\"d587c00\" data-element_type=\"column\">\n\t\t\t<div class=\"elementor-column-wrap\">\n\t\t\t\t\t\t\t<div class=\"elementor-widget-wrap\">\n\t\t\t\t\t\t\t\t<\/div>\n\t\t\t\t\t<\/div>\n\t\t<\/div>\n\t\t\t\t\t\t\t\t<\/div>\n\t\t\t\t\t<\/div>\n\t\t<\/section>\n\t\t\t\t\t\t<\/div>\n\t\t\t\t\t\t<\/div>\n\t\t\t\t\t<\/div>\n\t\t","protected":false},"excerpt":{"rendered":"<p>Avviso 1\/2024 &#8211; TRANSIZIONI DIGITALI: MINDSET E COMPETENZE MANAGERIALI PER LA COMPETITIVIT\u00c0 D\u2019IMPRESA L&#8217;Avviso finanzia lo sviluppo delle competenze manageriali necessarie per il miglior utilizzo dell\u2019innovazione tecnologica e, in particolare della digitalizzazione, a supporto della competitivit\u00e0 aziendale e dell\u2019occupabilit\u00e0 dei dirigenti. Areee di intervento formativo: Strategie di sostenibilit\u00e0: Interventi volti a sfruttare la leva digitale.<\/p>\n","protected":false},"author":6,"featured_media":0,"parent":17615,"menu_order":0,"comment_status":"closed","ping_status":"closed","template":"","meta":{"footnotes":""},"_links":{"self":[{"href":"https:\/\/www.myecole.it\/ooc\/wp-json\/wp\/v2\/pages\/19820"}],"collection":[{"href":"https:\/\/www.myecole.it\/ooc\/wp-json\/wp\/v2\/pages"}],"about":[{"href":"https:\/\/www.myecole.it\/ooc\/wp-json\/wp\/v2\/types\/page"}],"author":[{"embeddable":true,"href":"https:\/\/www.myecole.it\/ooc\/wp-json\/wp\/v2\/users\/6"}],"replies":[{"embeddable":true,"href":"https:\/\/www.myecole.it\/ooc\/wp-json\/wp\/v2\/comments?post=19820"}],"version-history":[{"count":5,"href":"https:\/\/www.myecole.it\/ooc\/wp-json\/wp\/v2\/pages\/19820\/revisions"}],"predecessor-version":[{"id":19829,"href":"https:\/\/www.myecole.it\/ooc\/wp-json\/wp\/v2\/pages\/19820\/revisions\/19829"}],"up":[{"embeddable":true,"href":"https:\/\/www.myecole.it\/ooc\/wp-json\/wp\/v2\/pages\/17615"}],"wp:attachment":[{"href":"https:\/\/www.myecole.it\/ooc\/wp-json\/wp\/v2\/media?parent=19820"}],"curies":[{"name":"wp","href":"https:\/\/api.w.org\/{rel}","templated":true}]}}