{"id":5086,"date":"2019-06-11T16:01:49","date_gmt":"2019-06-11T14:01:49","guid":{"rendered":"https:\/\/www.myecole.it\/ooc\/?page_id=5086"},"modified":"2020-03-18T15:47:35","modified_gmt":"2020-03-18T14:47:35","slug":"aderire-a-fondirigenti","status":"publish","type":"page","link":"https:\/\/www.myecole.it\/ooc\/finanziamenti\/fondirigenti\/aderire-a-fondirigenti\/","title":{"rendered":"Aderire a Fondirigenti"},"content":{"rendered":"\t\t<div data-elementor-type=\"wp-post\" data-elementor-id=\"5086\" class=\"elementor elementor-5086\" data-elementor-settings=\"[]\">\n\t\t\t\t\t\t<div class=\"elementor-inner\">\n\t\t\t\t\t\t\t<div class=\"elementor-section-wrap\">\n\t\t\t\t\t\t\t<section class=\"elementor-section elementor-top-section elementor-element elementor-element-e8f5d06 elementor-section-boxed elementor-section-height-default elementor-section-height-default\" data-id=\"e8f5d06\" data-element_type=\"section\">\n\t\t\t\t\t\t<div class=\"elementor-container elementor-column-gap-default\">\n\t\t\t\t\t\t\t<div class=\"elementor-row\">\n\t\t\t\t\t<div class=\"elementor-column elementor-col-100 elementor-top-column elementor-element elementor-element-42c2b79\" data-id=\"42c2b79\" data-element_type=\"column\">\n\t\t\t<div class=\"elementor-column-wrap elementor-element-populated\">\n\t\t\t\t\t\t\t<div class=\"elementor-widget-wrap\">\n\t\t\t\t\t\t<div class=\"elementor-element elementor-element-5bcd4be elementor-widget elementor-widget-lae-heading\" data-id=\"5bcd4be\" data-element_type=\"widget\" data-widget_type=\"lae-heading.default\">\n\t\t\t\t<div class=\"elementor-widget-container\">\n\t\t\t\n   <!--       -->\n\n        <div class=\"lae-heading lae-style3 lae-aligncenter\" >\n\n            \n            <h1 class=\"lae-title\">come aderire a fondirigenti<\/h1>\n\n            \n        <\/div>\n\n        \t\t<\/div>\n\t\t\t\t<\/div>\n\t\t\t\t<div class=\"elementor-element elementor-element-b4fbddd elementor-widget elementor-widget-shortcode\" data-id=\"b4fbddd\" data-element_type=\"widget\" data-widget_type=\"shortcode.default\">\n\t\t\t\t<div class=\"elementor-widget-container\">\n\t\t\t\t\t<div class=\"elementor-shortcode\"><br \/>Widget not in any sidebars<br \/><\/div>\n\t\t\t\t<\/div>\n\t\t\t\t<\/div>\n\t\t\t\t\t\t<\/div>\n\t\t\t\t\t<\/div>\n\t\t<\/div>\n\t\t\t\t\t\t\t\t<\/div>\n\t\t\t\t\t<\/div>\n\t\t<\/section>\n\t\t\t\t<section class=\"elementor-section elementor-top-section elementor-element elementor-element-7da4eb3 elementor-section-stretched elementor-section-height-min-height elementor-section-boxed elementor-section-height-default elementor-section-items-middle\" data-id=\"7da4eb3\" data-element_type=\"section\" data-settings=\"{&quot;stretch_section&quot;:&quot;section-stretched&quot;}\">\n\t\t\t\t\t\t<div class=\"elementor-container elementor-column-gap-default\">\n\t\t\t\t\t\t\t<div class=\"elementor-row\">\n\t\t\t\t\t<div class=\"elementor-column elementor-col-50 elementor-top-column elementor-element elementor-element-de0fb43\" data-id=\"de0fb43\" data-element_type=\"column\">\n\t\t\t<div class=\"elementor-column-wrap elementor-element-populated\">\n\t\t\t\t\t\t\t<div class=\"elementor-widget-wrap\">\n\t\t\t\t\t\t<div class=\"elementor-element elementor-element-e47e147 elementor-widget elementor-widget-image\" data-id=\"e47e147\" data-element_type=\"widget\" data-widget_type=\"image.default\">\n\t\t\t\t<div class=\"elementor-widget-container\">\n\t\t\t\t\t<div class=\"elementor-image\">\n\t\t\t\t\t\t\t\t\t\t<img loading=\"lazy\" decoding=\"async\" width=\"300\" height=\"208\" src=\"https:\/\/www.myecole.it\/ooc\/wp-content\/uploads\/2019\/06\/formazione-dirigenti-300x208.png\" class=\"attachment-medium size-medium\" alt=\"\" srcset=\"https:\/\/www.myecole.it\/ooc\/wp-content\/uploads\/2019\/06\/formazione-dirigenti-300x208.png 300w, https:\/\/www.myecole.it\/ooc\/wp-content\/uploads\/2019\/06\/formazione-dirigenti-768x533.png 768w, https:\/\/www.myecole.it\/ooc\/wp-content\/uploads\/2019\/06\/formazione-dirigenti-1024x710.png 1024w, https:\/\/www.myecole.it\/ooc\/wp-content\/uploads\/2019\/06\/formazione-dirigenti-160x110.png 160w, https:\/\/www.myecole.it\/ooc\/wp-content\/uploads\/2019\/06\/formazione-dirigenti-340x236.png 340w\" sizes=\"(max-width: 300px) 100vw, 300px\" \/>\t\t\t\t\t\t\t\t\t\t\t<\/div>\n\t\t\t\t<\/div>\n\t\t\t\t<\/div>\n\t\t\t\t<div class=\"elementor-element elementor-element-ab3f0ba elementor-widget elementor-widget-text-editor\" data-id=\"ab3f0ba\" data-element_type=\"widget\" data-widget_type=\"text-editor.default\">\n\t\t\t\t<div class=\"elementor-widget-container\">\n\t\t\t\t\t<div class=\"elementor-text-editor elementor-clearfix\"><p><em>Aderire a Fondirigenti permette di disporre di risorse finanziarie per la formazione manageriale e per partecipare alle iniziative di ricerca del Fondo ed usufruire dei servizi offerti nell\u2019ambito dell\u2019occupabilit\u00e0.<\/em><\/p>\n<p>Possono aderire a Fondirigenti aziende di ogni settore con <strong>almeno 1 dirigente <\/strong>in organico.&nbsp;L&#8217;adesione \u00e8 gratuita ed \u00e8 sufficiente effettuarla una sola volta in qualunque momento dell&#8217;anno.&nbsp;L\u2019adesione \u00e8 semplice e richiede pochi passaggi:<\/p>\n<ol>\n<li>\n<p>Accedere all\u2019<strong>UNIEMENS<\/strong>, nella sezione <strong>Denuncia Aziendale<\/strong>, selezionare l\u2019anno e il mese di contribuzione, il nome e la matricola Inps dell\u2019Azienda;<\/p>\n<\/li>\n<li>\n<p>Indicare nella sezione&nbsp;<strong>Fondi Interprofessionali<\/strong>, il codice relativo a Fondirigenti&nbsp;<b>FDIR<\/b>;<\/p>\n<\/li>\n<li>\n<p>Indicare il numero dei dirigenti interessati all\u2019obbligo contributivo;<\/p>\n<\/li>\n<li>\n<p>La validazione \u00e8 immediata.<\/p>\n<\/li>\n<\/ol>\n<p>L&#8217;adesione ha validit\u00e0 immediata e, dal momento di validazione, ogni mese il 0,30% della retribuzione lorda dei dirigenti viene trasferito dall\u2019INPS a Fondirigenti e potr\u00e0 essere utilizzato dall\u2019azienda aderente per finanziare la formazione manageriale.&nbsp;<\/p>\n<p>L\u2019azienda potr\u00e0 conoscere in qualunque momento, attraverso la propria area riservata, l\u2019ammontare e la disponibilit\u00e0 delle proprie risorse e pianificare l\u2019utilizzo nell\u2019ambito di un Piano formativo condiviso dai Rappresentanti di Confindustria e Federmanager o, a livello aziendale, nel caso in cui sia presente la Rappresentanza Sindacale Aziendale di Federmanager.<\/p><\/div>\n\t\t\t\t<\/div>\n\t\t\t\t<\/div>\n\t\t\t\t\t\t<\/div>\n\t\t\t\t\t<\/div>\n\t\t<\/div>\n\t\t\t\t<div class=\"elementor-column elementor-col-50 elementor-top-column elementor-element elementor-element-3870b0c\" data-id=\"3870b0c\" data-element_type=\"column\">\n\t\t\t<div class=\"elementor-column-wrap elementor-element-populated\">\n\t\t\t\t\t\t\t<div class=\"elementor-widget-wrap\">\n\t\t\t\t\t\t<div class=\"elementor-element elementor-element-6799ee4 elementor-widget elementor-widget-avas-timeline\" data-id=\"6799ee4\" data-element_type=\"widget\" data-widget_type=\"avas-timeline.default\">\n\t\t\t\t<div class=\"elementor-widget-container\">\n\t\t\t\n\t\t<div id=\"bddex-timeline-6799ee4\">\n\t\t\t<div class=\"bddex-timeline-container\">\n\t\t\t\t<div class=\"bddex-timeline-container\">\n\t\t\t\t\t\n\t\t\t\t\t\t\t\t\t\t\t\t\t\t\t\t\t\t\t\t<div class=\"bddex-timeline-block\">\n\t\t\t\t\t\t\t\t<div class=\"bddex-timeline-line\">\n\t\t\t\t\t\t\t\t\t<div class=\"bddex-timeline-inner\"><\/div>\n\t\t\t\t\t\t\t\t<\/div>\n\t\t\t\t\t\t\t\t<div class=\"bddex-timeline-img bddex-picture \">\n\t\t\t\t\t\t\t\t\t\t\t\t\t\t\t\t\t\t\t\t\t\t\t\t\t\t\t\t\t\t\t<i class=\"fa fa-pencil-square-o\"><\/i>\n\t\t\t\t\t\t\t\t\t\t\t\t\t\t\t\t\t\t\t<\/div>\n\n\t\t\t\t\t\t\t\t<div class=\"bddex-timeline-content\">\n\t\t\t\t\t\t\t\t\t\t\t\t\t\t\t\t\t\t\t<h2><a href=\"#  \">Selezionare Denuncia Aziendale nel flusso UNIEMENS <\/a><\/h2>\n\t\t\t\t\t\t\t\t\t\t\t\t\t\t\t\t\t\t\t\t\t\t\t\t\t\t\t\t<p><\/p>\n\t\t\t\t\t\t\t\t\t\t\t\t\t\t\t\t\t\t\t\t\t\t\t\t\t\t\t\t\t\t\t\t\t\t\t\t\t<span class=\"bddex-date\">1<\/span>\n\t\t\t\t\t\t\t\t\t\t\t\t\t\t\t\t\t<\/div>\n\t\t\t\t\t\t\t<\/div>\n\t\t\t\t\t\t\t\t\t\t\t\t\t\t\t\t\t\t\t\t<div class=\"bddex-timeline-block\">\n\t\t\t\t\t\t\t\t<div class=\"bddex-timeline-line\">\n\t\t\t\t\t\t\t\t\t<div class=\"bddex-timeline-inner\"><\/div>\n\t\t\t\t\t\t\t\t<\/div>\n\t\t\t\t\t\t\t\t<div class=\"bddex-timeline-img bddex-picture \">\n\t\t\t\t\t\t\t\t\t\t\t\t\t\t\t\t\t\t\t\t\t\t\t\t\t\t\t\t\t\t\t<i class=\"fa fa-pencil\"><\/i>\n\t\t\t\t\t\t\t\t\t\t\t\t\t\t\t\t\t\t\t<\/div>\n\n\t\t\t\t\t\t\t\t<div class=\"bddex-timeline-content\">\n\t\t\t\t\t\t\t\t\t\t\t\t\t\t\t\t\t\t\t<h2><a href=\"#  \">Indicare Codice FDIR<\/a><\/h2>\n\t\t\t\t\t\t\t\t\t\t\t\t\t\t\t\t\t\t\t\t\t\t\t\t\t\t\t\t<p>all'interno della sezione FondoInterprof<\/p>\n\t\t\t\t\t\t\t\t\t\t\t\t\t\t\t\t\t\t\t\t\t\t\t\t\t\t\t\t\t\t\t\t\t\t\t\t\t<span class=\"bddex-date\">2<\/span>\n\t\t\t\t\t\t\t\t\t\t\t\t\t\t\t\t\t<\/div>\n\t\t\t\t\t\t\t<\/div>\n\t\t\t\t\t\t\t\t\t\t\t\t\t\t\t\t\t\t\t\t<div class=\"bddex-timeline-block\">\n\t\t\t\t\t\t\t\t<div class=\"bddex-timeline-line\">\n\t\t\t\t\t\t\t\t\t<div class=\"bddex-timeline-inner\"><\/div>\n\t\t\t\t\t\t\t\t<\/div>\n\t\t\t\t\t\t\t\t<div class=\"bddex-timeline-img bddex-picture \">\n\t\t\t\t\t\t\t\t\t\t\t\t\t\t\t\t\t\t\t\t\t\t\t\t\t\t\t\t\t\t\t<i class=\"fa fa-list\"><\/i>\n\t\t\t\t\t\t\t\t\t\t\t\t\t\t\t\t\t\t\t<\/div>\n\n\t\t\t\t\t\t\t\t<div class=\"bddex-timeline-content\">\n\t\t\t\t\t\t\t\t\t\t\t\t\t\t\t\t\t\t\t<h2><a href=\"#  \">Indicare numero di dirigenti interessati <\/a><\/h2>\n\t\t\t\t\t\t\t\t\t\t\t\t\t\t\t\t\t\t\t\t\t\t\t\t\t\t\t\t<p><\/p>\n\t\t\t\t\t\t\t\t\t\t\t\t\t\t\t\t\t\t\t\t\t\t\t\t\t\t\t\t\t\t\t\t\t\t\t\t\t<span class=\"bddex-date\">3<\/span>\n\t\t\t\t\t\t\t\t\t\t\t\t\t\t\t\t\t<\/div>\n\t\t\t\t\t\t\t<\/div>\n\t\t\t\t\t\t\t\t\t\t\t\t\t\t\t\t\t\t\t\t<div class=\"bddex-timeline-block\">\n\t\t\t\t\t\t\t\t<div class=\"bddex-timeline-line\">\n\t\t\t\t\t\t\t\t\t<div class=\"bddex-timeline-inner\"><\/div>\n\t\t\t\t\t\t\t\t<\/div>\n\t\t\t\t\t\t\t\t<div class=\"bddex-timeline-img bddex-picture \">\n\t\t\t\t\t\t\t\t\t\t\t\t\t\t\t\t\t\t\t\t\t\t\t\t\t\t\t\t\t\t\t<i class=\"fa fa-angle-right\"><\/i>\n\t\t\t\t\t\t\t\t\t\t\t\t\t\t\t\t\t\t\t<\/div>\n\n\t\t\t\t\t\t\t\t<div class=\"bddex-timeline-content\">\n\t\t\t\t\t\t\t\t\t\t\t\t\t\t\t\t\t\t\t<h2><a href=\"#  \">Validazione immediata<\/a><\/h2>\n\t\t\t\t\t\t\t\t\t\t\t\t\t\t\t\t\t\t\t\t\t\t\t\t\t\t\t\t<p><\/p>\n\t\t\t\t\t\t\t\t\t\t\t\t\t\t\t\t\t\t\t\t\t\t\t\t\t\t\t\t\t\t\t\t\t\t\t\t\t<span class=\"bddex-date\">4<\/span>\n\t\t\t\t\t\t\t\t\t\t\t\t\t\t\t\t\t<\/div>\n\t\t\t\t\t\t\t<\/div>\n\t\t\t\t\t\t\t\t\t\t\t\t\t\t\t<\/div>\n\t\t\t<\/div>\n\t\t<\/div>\n<script>\n\tjQuery(document).ready(function($) {\n\n\t\tvar contentContainer = $( '.bddex-timeline-container' ),\n\t\t\tcontentBlock = $( '.bddex-timeline-block' ),\n\t\t\tline = $( '.bddex-timeline-inner' );\n\n\t\tvar contentBlockHeight = [];\n\n\t\t$( window ).on( 'scroll', function(e) {\n\t\t\tcontentBlock.each(function( index ) {\n\t\t\t\tcontentBlockHeight.push( $(this).outerHeight() );\n\t\t\t\tif( $(this).find( '.highlight' ) ) {\n\t\t\t\t\t$(this).find( '.bddex-timeline-inner' ).css( 'height', contentBlockHeight[index] + 'px' );\n\t\t\t\t}\n\t\t\t});\n\n\t\t\tif( this.oldScroll > this.scrollY == false ) {\n\t\t\t\tthis.oldScroll = this.scrollY;\n\t\t\t\t\/\/ Scroll Down\n\t\t\t\t$( '.bddex-timeline-block.highlight' ).prev().find('.bddex-timeline-inner').removeClass( 'bddex-muted' ).addClass( 'bddex-highlighted' );\n\n\t\t\t}else if( this.oldScroll > this.scrollY == true ) {\n\t\t\t\tthis.oldScroll = this.scrollY;\n\t\t\t\t\/\/ Scroll Up\n\t\t\t\t$( '.bddex-timeline-block.highlight' ).find('.bddex-timeline-inner').addClass( 'bddex-prev-highlighted' );\n\t\t\t\t$( '.bddex-timeline-block.highlight' ).next().find('.bddex-timeline-inner').removeClass( 'bddex-highlighted' ).removeClass( 'bddex-prev-highlighted' ).addClass( 'bddex-muted' );\n\n\t\t\t}\n\t\t});\n\n\t});\n<\/script>\n\n        \t\t<\/div>\n\t\t\t\t<\/div>\n\t\t\t\t\t\t<\/div>\n\t\t\t\t\t<\/div>\n\t\t<\/div>\n\t\t\t\t\t\t\t\t<\/div>\n\t\t\t\t\t<\/div>\n\t\t<\/section>\n\t\t\t\t\t\t<\/div>\n\t\t\t\t\t\t<\/div>\n\t\t\t\t\t<\/div>\n\t\t","protected":false},"excerpt":{"rendered":"<p>come aderire a fondirigenti Aderire a Fondirigenti permette di disporre di risorse finanziarie per la formazione manageriale e per partecipare alle iniziative di ricerca del Fondo ed usufruire dei servizi offerti nell\u2019ambito dell\u2019occupabilit\u00e0. Possono aderire a Fondirigenti aziende di ogni settore con almeno 1 dirigente in organico.&nbsp;L&#8217;adesione \u00e8 gratuita ed \u00e8 sufficiente effettuarla una sola.<\/p>\n","protected":false},"author":1,"featured_media":0,"parent":6044,"menu_order":0,"comment_status":"closed","ping_status":"closed","template":"","meta":{"footnotes":""},"_links":{"self":[{"href":"https:\/\/www.myecole.it\/ooc\/wp-json\/wp\/v2\/pages\/5086"}],"collection":[{"href":"https:\/\/www.myecole.it\/ooc\/wp-json\/wp\/v2\/pages"}],"about":[{"href":"https:\/\/www.myecole.it\/ooc\/wp-json\/wp\/v2\/types\/page"}],"author":[{"embeddable":true,"href":"https:\/\/www.myecole.it\/ooc\/wp-json\/wp\/v2\/users\/1"}],"replies":[{"embeddable":true,"href":"https:\/\/www.myecole.it\/ooc\/wp-json\/wp\/v2\/comments?post=5086"}],"version-history":[{"count":0,"href":"https:\/\/www.myecole.it\/ooc\/wp-json\/wp\/v2\/pages\/5086\/revisions"}],"up":[{"embeddable":true,"href":"https:\/\/www.myecole.it\/ooc\/wp-json\/wp\/v2\/pages\/6044"}],"wp:attachment":[{"href":"https:\/\/www.myecole.it\/ooc\/wp-json\/wp\/v2\/media?parent=5086"}],"curies":[{"name":"wp","href":"https:\/\/api.w.org\/{rel}","templated":true}]}}