{"id":572,"date":"2015-03-03T17:28:30","date_gmt":"2015-03-03T16:28:30","guid":{"rendered":"https:\/\/www.myecole.it\/ooc\/?page_id=572"},"modified":"2026-03-23T12:19:17","modified_gmt":"2026-03-23T11:19:17","slug":"privacy","status":"publish","type":"page","link":"https:\/\/www.myecole.it\/ooc\/privacy\/","title":{"rendered":"Informativa Privacy e Cookie Policy"},"content":{"rendered":"\t\t<div data-elementor-type=\"wp-page\" data-elementor-id=\"572\" class=\"elementor elementor-572\" data-elementor-settings=\"[]\">\n\t\t\t\t\t\t<div class=\"elementor-inner\">\n\t\t\t\t\t\t\t<div class=\"elementor-section-wrap\">\n\t\t\t\t\t\t\t<section class=\"elementor-section elementor-top-section elementor-element elementor-element-2f309076 elementor-section-boxed elementor-section-height-default elementor-section-height-default\" data-id=\"2f309076\" data-element_type=\"section\">\n\t\t\t\t\t\t<div class=\"elementor-container elementor-column-gap-default\">\n\t\t\t\t\t\t\t<div class=\"elementor-row\">\n\t\t\t\t\t<div class=\"elementor-column elementor-col-100 elementor-top-column elementor-element elementor-element-3f6281b1\" data-id=\"3f6281b1\" data-element_type=\"column\">\n\t\t\t<div class=\"elementor-column-wrap elementor-element-populated\">\n\t\t\t\t\t\t\t<div class=\"elementor-widget-wrap\">\n\t\t\t\t\t\t<div class=\"elementor-element elementor-element-3fed6f4b elementor-widget elementor-widget-text-editor\" data-id=\"3fed6f4b\" data-element_type=\"widget\" data-widget_type=\"text-editor.default\">\n\t\t\t\t<div class=\"elementor-widget-container\">\n\t\t\t\t\t<div class=\"elementor-text-editor elementor-clearfix\"><header class=\"entry-header\">\n<h1 class=\"entry-title\">INFORMATIVA PRIVACY E COOKIE POLICY<\/h1>\n<\/header>\n<div class=\"entry-content post_content\">\n<p><strong>INFORMATIVA PRIVACY<\/strong><br \/><strong>(ex D.lgs.101\/18 e art.13 del Regolamento Europeo n. 679\/2016 \u2013 GDPR)<\/strong><\/p>\n<p><strong>ECOLE \u2013 Enti COnfindustriali Lombardi per l\u2019Education<\/strong>\u00a0\u2013 con sede legale in via Chiaravalle 8, a Milano, in persona del Legale Rappresentante, dr Alvise C. F. Biffi, in qualit\u00e0 di Titolare del Trattamento, ai sensi dell\u2019art. 13 del Regolamento Europeo (EU) n. 679\/2016, in materia di protezione dei dati personali e in relazione alle informazioni di cui \u00e8 in possesso, comunica la seguente informativa:<\/p>\n<p><strong>1. Modalit\u00e0 del trattamento<\/strong><br \/>I dati conferiti nell\u2019ambito del rapporto contrattuale con il Titolare saranno trattati con strumenti manuali e\/o automatizzati per le finalit\u00e0 di seguito indicate al punto 3.<br \/>Il trattamento dei dati sar\u00e0 effettuato da personale alle dirette dipendenze di ECOLE e da persone fisiche o giuridiche da questa appositamente individuate quali responsabili o incaricati del trattamento.<br \/>I dati potranno essere comunicati alle societ\u00e0\/studi professionali che prestano attivit\u00e0 di assistenza, consulenza o collaborazione al titolare del trattamento, in materia contabile, amministrativa, fiscale, legale, tributaria e finanziaria, a pubbliche amministrazioni per lo svolgimento delle funzioni istituzionali nei limiti stabiliti dalla legge e dai pubblici avvisi o dai regolamenti e a terzi fornitori di servizi, cui la comunicazione sia necessaria per l\u2019adempimento delle prestazioni oggetto del contratto concluso tra le parti.<\/p>\n<p><strong>2. Titolare e Responsabile del trattamento<\/strong><br \/>Titolare del Trattamento dei dati \u00e8 la societ\u00e0 ECOLE.<br \/>Contatti del Titolare del trattamento: info@myecole.it<br \/>Il Responsabile del Trattamento \u00e8 il Legale Rappresentante.<\/p>\n<p><strong>3. Finalit\u00e0 del trattamento<\/strong><br \/>I dati personali forniti dall\u2019interessato saranno trattati nel rispetto della normativa vigente e dei principi di liceit\u00e0, correttezza, trasparenza e tutela della riservatezza da essa previsti per la seguente finalit\u00e0:<br \/><em><strong>completa e corretta esecuzione del contratto stipulato tra le parti.<\/strong><\/em><br \/>I dati trattati sono aggiornati, pertinenti, completi e non eccedenti rispetto alla finalit\u00e0 sopra elencata per le quali sono raccolti e successivamente trattati.<\/p>\n<p><strong>4. Trasferimento dati personali<\/strong><br \/>I dati personali raccolti, saranno trattati in Italia e non saranno trasferiti ad un paese terzo fuori dall\u2019UE.<\/p>\n<p><strong>5. Natura obbligatoria o facoltativa del conferimento<\/strong><br \/>Il conferimento dei dati personali ha natura contrattuale. Ne consegue che la comunicazione dei dati \u00e8 facoltativa ma l\u2019eventuale rifiuto da parte dell\u2019interessato o anche la successiva richiesta di cancellazione, potrebbe rendere impossibile o estremamente difficoltoso l\u2019esecuzione del contratto di cui \u00e8 parte.<\/p>\n<p><strong>6. Conservazione dei dati<\/strong><br \/>I dati personali saranno conservati per l\u2019espletamento delle finalit\u00e0 di:<br \/><strong>&gt;<\/strong>\u00a0cui al punto 3 della presente informativa per la durata dei termini prescrizionali applicabili ex lege,<\/p>\n<p><strong>7. Cessione dati a terzi<\/strong><br \/>I dati personali non verranno ceduti a societ\u00e0 terze per l\u2019invio delle loro comunicazioni commerciali dietro compenso.<\/p>\n<p><strong>8. Diritti dell\u2019interessato<\/strong><br \/>Ai sensi degli articoli 13, comma 2, lettere (b) e (d), 15, 16, 17, 18, 19, 20 e 21 del Regolamento, si\u00a0informa che:<br \/><em><strong>a)<\/strong><\/em>\u00a0l\u2019interessato ha il diritto di chiedere al Titolare del trattamento l\u2019accesso ai dati personali, la rettifica o la cancellazione degli stessi o la limitazione del trattamento che lo riguardano o di opporsi al loro trattamento, oltre al diritto alla portabilit\u00e0 dei dati;<br \/><em><strong>b)<\/strong><\/em>\u00a0l\u2019interessato ha il diritto di revocare il consenso in qualsiasi momento senza pregiudicare la liceit\u00e0 del trattamento basata sul consenso prestato prima della revoca;<br \/><em><strong>c)<\/strong><\/em>\u00a0se il trattamento \u00e8 basato sull\u2019articolo 6, paragrafo 1, lettera a), oppure sull\u2019articolo 9, paragrafo 2, lettera a), esiste per l\u2019interessato il diritto di revocare il consenso in qualsiasi momento senza che ci\u00f2 pregiudichi la liceit\u00e0 del trattamento basata sul consenso prestato prima della revoca;<br \/><em><strong>d)<\/strong><\/em>\u00a0l\u2019interessato ha il diritto di proporre un reclamo al Garante per la protezione dei dati personali, seguendo le procedure e le indicazioni pubblicate sul sito web ufficiale: www.garanteprivacy.it.<\/p>\n<p>L\u2019esercizio dei diritti sopra indicati \u00e8 gratuito e pu\u00f2 essere esercitato scrivendo all\u2019indirizzo info@myecole.it oppure inviando comunicazione a mezzo raccomandata a\/r al seguente indirizzo: ECOLE \u2013 viale Fulvio Testi 128 \u2013 20092 Cinisello B. (MI).<\/p>\n<p><strong>9. Processo decisionale automatico e IA<\/strong><br \/>I dati raccolti non saranno oggetto di alcun processo decisionale automatizzato.<\/p>\n<p>ECOLE riconosce nell\u2019Intelligenza Artificiale (IA) un fattore determinante e ad alto potenziale per l&#8217;innovazione della formazione, della ricerca e dei processi di analisi. In considerazione della propria missione istituzionale, della centralit\u00e0 attribuita al rispetto di tutti i soggetti, ECOLE adotta un approccio etico e responsabile, promuovendo l\u2019adozione di tali tecnologie, ispirandosi al principio dell\u2019IA antropocentrica (Human-in-the-loop) e garantendo che esse rimangano uno strumento di supporto all&#8217;ingegno umano e non un sostituto del giudizio critico e della responsabilit\u00e0 individuale.<\/p>\n<p>L&#8217;adozione di sistemi di IA in ECOLE \u00e8 orientata alla trasparenza e all&#8217;etica professionale: ogni output generato da sistemi di IA deve essere sottoposto a verifica, validazione e revisione da parte di personale qualificato, che ne assume la responsabilit\u00e0 finale. ECOLE si impegna a non utilizzare l&#8217;IA per generare contenuti che violino i diritti d&#8217;autore di terzi o che possano indurre in errore gli stakeholder o essere offensivi.<\/p>\n<p>ECOLE garantisce che ogni trattamento di dati e ogni interazione con sistemi di IA avvenga nel pieno rispetto della legislazione vigente.<\/p>\n<hr \/>\n<p><strong>COOKIE POLICY e FUNZIONAMENTO DEL SITO<\/strong><\/p>\n<p>La seguente informativa riguarda il sito https:\/\/www.myecole.it corrispondente alla pagina iniziale del sito e non anche per altri siti web eventualmente consultabili tramite i link presenti e di cui ECOLE non \u00e8 responsabile.<\/p>\n<p><strong>Termini e condizioni di utilizzo<\/strong><br \/>Il sito risponde allo scopo di fornire ai suoi destinatari, siano essi imprese clienti\/non clienti, associate\/non associate, dipendenti di imprese, organizzazioni, enti o singoli individui (di seguito, per brevit\u00e0, utenti\/utilizzatori) informazioni e servizi. Alcuni contenuti del sito sono riservati alle sole imprese registrate sul sito stesso, mediante l\u2019utilizzo di opportune credenziali di autenticazione (username e password). L\u2019eventuale fruizione di tali contenuti in mancanza di titolo di possesso di tali credenziali costituisce un illecito utilizzo e come tale potr\u00e0 essere perseguito nelle opportune sedi. L\u2019utente prende atto che l\u2019utilizzo del sito e di quanto da esso offerto \u00e8 subordinato all\u2019accettazione dei termini e delle condizioni qui di seguito stabilite.<\/p>\n<p><strong>Propriet\u00e0 intellettuale<\/strong><br \/>Ogni diritto sui contenuti (a titolo esemplificativo testi, immagini, architettura del sito) \u00e8 riservato ai sensi della normativa vigente. I contenuti delle pagine del sito non possono, n\u00e9 totalmente n\u00e9 in parte, essere copiati, riprodotti, trasferiti, caricati, pubblicati o distribuiti in qualsiasi modo senza il preventivo consenso scritto di ECOLE, fatta salva la possibilit\u00e0 di immagazzinarli nel proprio computer o di stampare estratti delle pagine di questo sito unicamente per utilizzo personale. Qualsiasi forma di link al presente sito se inserita da soggetti terzi non deve recare danno all\u2019immagine e alle attivit\u00e0 di ECOLE. E\u2019 vietato il cosiddetto deep linking, ossia l\u2019utilizzo non trasparente, su siti di soggetti terzi, di parti del sito. L\u2019eventuale inosservanza delle presenti disposizioni, salvo esplicita autorizzazione scritta, sar\u00e0 perseguita nelle competenti sedi giudiziarie civili e penali.<\/p>\n<p><strong>Limiti di responsabilit\u00e0<\/strong><br \/>ECOLE non potr\u00e0 essere ritenuta in alcun modo responsabile dei danni di qualsiasi natura causati direttamente o indirettamente dall\u2019accesso al Sito, dall\u2019incapacit\u00e0 o impossibilit\u00e0 di accedervi. ECOLE si riserva il diritto di modificare i contenuti del sito e di questa pagina in qualsiasi momento e senza alcun preavviso. L\u2019indicazione di link a siti web esterni non implica, inoltre, da parte di ECOLE, alcun tipo di approvazione o condivisione di responsabilit\u00e0 in relazione alla completezza e alla correttezza delle informazioni contenute nei siti indicati.<\/p>\n<p><strong>Luogo e principi di trattamento dei dati<\/strong><br \/>I trattamenti connessi ai servizi web di questo sito sono curati secondo i principi dell\u2019informativa privacy sopra riportata.<\/p>\n<p><strong>Tipi di dati trattati<\/strong><br \/><em>Dati di navigazione anonimi<\/em><br \/>I sistemi informatici e le procedure software preposte al funzionamento di questo sito web acquisiscono, nel corso del loro normale esercizio, alcuni dati personali la cui trasmissione \u00e8 implicita nell\u2019uso dei protocolli di comunicazione di Internet. Si tratta di informazioni che non sono raccolte per essere associate a interessati identificati, ma che per loro stessa natura potrebbero, attraverso elaborazioni ed associazioni con dati detenuti da terzi, permettere di identificare gli utenti. In questa categoria di dati rientrano gli indirizzi IP o i nomi a dominio dei computer utilizzati dagli utenti che si connettono al sito, gli indirizzi in notazione URI (Uniform Resource Identifier) delle risorse richieste, l\u2019orario della richiesta, il metodo utilizzato nel sottoporre la richiesta al server, la dimensione del file ottenuto in risposta, il codice numerico indicante lo stato della risposta data dal server (buon fine, errore, ecc.) ed altri parametri relativi al sistema operativo e all\u2019ambiente informatico dell\u2019utente. Questi dati vengono utilizzati al solo fine di ricavare informazioni statistiche anonime sull\u2019uso del sito e per controllarne il corretto funzionamento. I dati potrebbero inoltre essere utilizzati per l\u2019accertamento di responsabilit\u00e0 in caso di ipotetici reati informatici ai danni del sito.<\/p>\n<p><em>Dati forniti volontariamente dall\u2019utente<\/em><br \/>L\u2019invio facoltativo, esplicito e volontario di posta elettronica agli indirizzi indicati su questo sito comporta la successiva acquisizione dell\u2019indirizzo del mittente, necessario per rispondere alle richieste, nonch\u00e9 degli eventuali altri dati personali inseriti nella missiva.<\/p>\n<p><em>Dati di navigazione personalizzati<\/em><br \/>Durante la navigazione personalizzata (nel caso in cui l\u2019utente abbia effettuato l\u2019accesso personalizzato al sito) ECOLE, oltre alle informazioni di navigazione standard, potrebbe registrare l\u2019identificativo dell\u2019utente fornito dal cookie. Tali informazioni sono necessarie per comprendere le richieste degli utilizzatori del sito e quindi per migliorare la qualit\u00e0 dei servizi erogati.<\/p>\n<p><strong>Cookies<\/strong><br \/>I cookies sono piccoli file di testo creati da un server e sono memorizzati sul dispositivo utilizzato dall\u2019Utente per la navigazione sul sito.<br \/>Essi permettono al sito di garantire all\u2019Utente tutte le funzionalit\u00e0, una migliore e completa esperienza di navigazione, e di essere al corrente delle preferenze e dei comportamenti dell\u2019utente.<br \/>ECOLE utilizza due tipi di cookies, di sessione e persistenti.<br \/>I cookies di sessione consentono all\u2019Utente l\u2019esplorazione sicura ed efficiente del sito internet; questi cookies non vengono memorizzati in modo permanente sul dispositivo dell\u2019Utente e si cancellano con la chiusura del browser.<br \/>I cookies persistenti vengono trasmessi al dispositivo dell\u2019Utente la prima volta che si collega al sito di ECOLE, e sono memorizzati sul dispositivo stesso. ECOLE utilizza cookies persistenti per memorizzare le preferenze dell\u2019utente e di terze parti (Google Analytics) al fine di produrre statistiche di utilizzo del sito, per ricavare informazioni utili al costante miglioramento del sito stesso.<br \/>ECOLE si collega ad alcuni strumenti di terze parti (Google, Youtube, Linkedin, Facebook, Twitter) per migliorare l\u2019esperienza di navigazione dell\u2019utente: si rimanda ai relativi siti per conoscere le loro modalit\u00e0 di gestione dei cookie.<br \/>L\u2019Utente pu\u00f2 opporsi alla registrazione dei cookies sul proprio dispositivo configurando il browser usato per la navigazione: se utilizza il sito di ECOLE senza cambiare le impostazioni del browser, presupponiamo che vorr\u00e0 ricevere tutti i cookies usati dal sito e fruire di tutte le funzionalit\u00e0. Per ulteriori approfondimenti si veda il\u00a0<a href=\"http:\/\/www.garanteprivacy.it\/web\/guest\/home\/docweb\/-\/docweb-display\/docweb\/3118884\" target=\"_blank\" rel=\"noopener noreferrer\">sito del garante<\/a>.<\/p>\n<p><strong>Facoltativit\u00e0 del conferimento dei dati<\/strong><br \/>Per la consultazione dei contenuti riservati del sito di ECOLE \u00e8 necessario registrarsi, fornendo i propri dati identificativi. Il mancato conferimento di tali dati rende impossibile l\u2019erogazione del servizio e la consultazione di tali contenuti.<\/p>\n<p><strong>Diritti degli interessati<\/strong><br \/>Si veda il punto 8 dell\u2019informativa privacy sopra riportata.<\/p>\n<p>La presente informativa \u00e8 stata aggiornata il 23.03.2026.<\/p>\n<\/div><\/div>\n\t\t\t\t<\/div>\n\t\t\t\t<\/div>\n\t\t\t\t\t\t<\/div>\n\t\t\t\t\t<\/div>\n\t\t<\/div>\n\t\t\t\t\t\t\t\t<\/div>\n\t\t\t\t\t<\/div>\n\t\t<\/section>\n\t\t\t\t\t\t<\/div>\n\t\t\t\t\t\t<\/div>\n\t\t\t\t\t<\/div>\n\t\t","protected":false},"excerpt":{"rendered":"<p>INFORMATIVA PRIVACY E COOKIE POLICY INFORMATIVA PRIVACY(ex D.lgs.101\/18 e art.13 del Regolamento Europeo n. 679\/2016 \u2013 GDPR) ECOLE \u2013 Enti COnfindustriali Lombardi per l\u2019Education\u00a0\u2013 con sede legale in via Chiaravalle 8, a Milano, in persona del Legale Rappresentante, dr Alvise C. F. Biffi, in qualit\u00e0 di Titolare del Trattamento, ai sensi dell\u2019art. 13 del Regolamento.<\/p>\n","protected":false},"author":1,"featured_media":0,"parent":0,"menu_order":0,"comment_status":"closed","ping_status":"closed","template":"","meta":{"footnotes":""},"_links":{"self":[{"href":"https:\/\/www.myecole.it\/ooc\/wp-json\/wp\/v2\/pages\/572"}],"collection":[{"href":"https:\/\/www.myecole.it\/ooc\/wp-json\/wp\/v2\/pages"}],"about":[{"href":"https:\/\/www.myecole.it\/ooc\/wp-json\/wp\/v2\/types\/page"}],"author":[{"embeddable":true,"href":"https:\/\/www.myecole.it\/ooc\/wp-json\/wp\/v2\/users\/1"}],"replies":[{"embeddable":true,"href":"https:\/\/www.myecole.it\/ooc\/wp-json\/wp\/v2\/comments?post=572"}],"version-history":[{"count":4,"href":"https:\/\/www.myecole.it\/ooc\/wp-json\/wp\/v2\/pages\/572\/revisions"}],"predecessor-version":[{"id":21935,"href":"https:\/\/www.myecole.it\/ooc\/wp-json\/wp\/v2\/pages\/572\/revisions\/21935"}],"wp:attachment":[{"href":"https:\/\/www.myecole.it\/ooc\/wp-json\/wp\/v2\/media?parent=572"}],"curies":[{"name":"wp","href":"https:\/\/api.w.org\/{rel}","templated":true}]}}