{"id":6032,"date":"2019-06-24T16:35:48","date_gmt":"2019-06-24T14:35:48","guid":{"rendered":"https:\/\/www.myecole.it\/ooc\/?page_id=6032"},"modified":"2019-06-26T10:06:57","modified_gmt":"2019-06-26T08:06:57","slug":"il-conto-formazione","status":"publish","type":"page","link":"https:\/\/www.myecole.it\/ooc\/il-conto-formazione\/","title":{"rendered":"Il Conto Formazione"},"content":{"rendered":"\t\t<div data-elementor-type=\"wp-post\" data-elementor-id=\"6032\" class=\"elementor elementor-6032\" data-elementor-settings=\"[]\">\n\t\t\t\t\t\t<div class=\"elementor-inner\">\n\t\t\t\t\t\t\t<div class=\"elementor-section-wrap\">\n\t\t\t\t\t\t\t<section class=\"elementor-section elementor-top-section elementor-element elementor-element-5d3dfa3 elementor-section-boxed elementor-section-height-default elementor-section-height-default\" data-id=\"5d3dfa3\" data-element_type=\"section\">\n\t\t\t\t\t\t<div class=\"elementor-container elementor-column-gap-default\">\n\t\t\t\t\t\t\t<div class=\"elementor-row\">\n\t\t\t\t\t<div class=\"elementor-column elementor-col-100 elementor-top-column elementor-element elementor-element-22ac83d\" data-id=\"22ac83d\" data-element_type=\"column\">\n\t\t\t<div class=\"elementor-column-wrap elementor-element-populated\">\n\t\t\t\t\t\t\t<div class=\"elementor-widget-wrap\">\n\t\t\t\t\t\t<div class=\"elementor-element elementor-element-df27f74 elementor-widget elementor-widget-lae-heading\" data-id=\"df27f74\" data-element_type=\"widget\" data-widget_type=\"lae-heading.default\">\n\t\t\t\t<div class=\"elementor-widget-container\">\n\t\t\t\n   <!--       -->\n\n        <div class=\"lae-heading lae-style3 lae-aligncenter\" >\n\n            \n            <h1 class=\"lae-title\">Il CONTO FORMAZIONE<\/h1>\n\n            \n        <\/div>\n\n        \t\t<\/div>\n\t\t\t\t<\/div>\n\t\t\t\t\t\t<\/div>\n\t\t\t\t\t<\/div>\n\t\t<\/div>\n\t\t\t\t\t\t\t\t<\/div>\n\t\t\t\t\t<\/div>\n\t\t<\/section>\n\t\t\t\t<section class=\"elementor-section elementor-top-section elementor-element elementor-element-1741be8d elementor-section-stretched elementor-section-boxed elementor-section-height-default elementor-section-height-default\" data-id=\"1741be8d\" data-element_type=\"section\" data-settings=\"{&quot;stretch_section&quot;:&quot;section-stretched&quot;,&quot;background_background&quot;:&quot;classic&quot;}\">\n\t\t\t\t\t\t<div class=\"elementor-container elementor-column-gap-default\">\n\t\t\t\t\t\t\t<div class=\"elementor-row\">\n\t\t\t\t\t<div class=\"elementor-column elementor-col-50 elementor-top-column elementor-element elementor-element-4594d7df\" data-id=\"4594d7df\" data-element_type=\"column\">\n\t\t\t<div class=\"elementor-column-wrap elementor-element-populated\">\n\t\t\t\t\t\t\t<div class=\"elementor-widget-wrap\">\n\t\t\t\t\t\t<div class=\"elementor-element elementor-element-32affef8 elementor-widget elementor-widget-text-editor\" data-id=\"32affef8\" data-element_type=\"widget\" data-widget_type=\"text-editor.default\">\n\t\t\t\t<div class=\"elementor-widget-container\">\n\t\t\t\t\t<div class=\"elementor-text-editor elementor-clearfix\"><!-- wp:tadv\/classic-paragraph -->\n<p>Ogni azienda aderente al Conto Formazione di Fondimpresa dispone di un proprio conto che pu\u00f2 utilizzare direttamente per formare i propri dipendenti nei tempi e con le modalit\u00e0 che ritiene pi\u00f9 opportuni, sulla base di Piani formativi condivisi dalle rappresentanze delle parti sociali.\u00a0Ciascuna impresa aderente deve utilizzare le risorse affluite sul proprio Conto Formazione entro i due anni successivi a quello di accreditamento.<\/p>\n<p>Fondimpresa accantona nel conto individuale di ciascuna azienda aderente, denominato &#8220;Conto Formazione&#8221;, una quota pari al 70% del contributo obbligatorio dello 0,30% sulle retribuzioni dei propri dipendenti versato al Fondo tramite l&#8217;INPS.\u00a0<\/p>\n<p>Dal 1\u00b0 gennaio 2015 le imprese possono scegliere di destinare al proprio Conto Formazione l&#8217;80% dei contributi versati. Questa opzione, revocabile in ogni momento, va eseguita collegandosi all&#8217;area riservata agli associati, sul sito Fondimpresa.\u00a0<\/p>\n<p>Le risorse finanziarie che affluiscono nel Conto Formazione sono a completa disposizione dell&#8217;azienda titolare, che pu\u00f2 utilizzarle per fare formazione ai propri dipendenti nei tempi e con le modalit\u00e0 che ritiene pi\u00f9 opportuni, sulla base di Piani formativi aziendali o interaziendali condivisi dalle rappresentanze delle parti sociali. Queste risorse possono finanziare fino ai due terzi di ciascun Piano formativo, mentre il restante terzo resta a carico dell&#8217;impresa titolare e pu\u00f2 essere coperto con la spesa sostenuta per i propri dipendenti in relazione alle ore di partecipazione alle attivit\u00e0 di formazione.<\/p>\n<p>Per verificare le risorse finanziarie disponibili sul Conto Formazione aziendale e presentare\u00a0piani formativi\u00a0condivisi occorre\u00a0<em><a href=\"https:\/\/www.fondimpresa.it\/come-funzioniamo\/il-percorso\/registrati\" target=\"_blank\" rel=\"noopener noreferrer\">registrarsi<\/a><\/em>\u00a0all&#8217;Area riservata del sito di Fondimpresa.<\/p>\n<!-- \/wp:tadv\/classic-paragraph --><\/div>\n\t\t\t\t<\/div>\n\t\t\t\t<\/div>\n\t\t\t\t\t\t<\/div>\n\t\t\t\t\t<\/div>\n\t\t<\/div>\n\t\t\t\t<div class=\"elementor-column elementor-col-50 elementor-top-column elementor-element elementor-element-fff81b4\" data-id=\"fff81b4\" data-element_type=\"column\">\n\t\t\t<div class=\"elementor-column-wrap elementor-element-populated\">\n\t\t\t\t\t\t\t<div class=\"elementor-widget-wrap\">\n\t\t\t\t\t\t<div class=\"elementor-element elementor-element-047f2d9 elementor-button-success elementor-align-justify elementor-widget elementor-widget-button\" data-id=\"047f2d9\" data-element_type=\"widget\" data-widget_type=\"button.default\">\n\t\t\t\t<div class=\"elementor-widget-container\">\n\t\t\t\t\t<div class=\"elementor-button-wrapper\">\n\t\t\t<a href=\"https:\/\/www.myecole.it\/ooc\/aderire-a-fondimpresa\" class=\"elementor-button-link elementor-button elementor-size-lg elementor-animation-grow\" role=\"button\">\n\t\t\t\t\t\t<span class=\"elementor-button-content-wrapper\">\n\t\t\t\t\t\t<span class=\"elementor-button-text\">COME ADERIRE A FONDIMPRESA<\/span>\n\t\t<\/span>\n\t\t\t\t\t<\/a>\n\t\t<\/div>\n\t\t\t\t<\/div>\n\t\t\t\t<\/div>\n\t\t\t\t\t\t<\/div>\n\t\t\t\t\t<\/div>\n\t\t<\/div>\n\t\t\t\t\t\t\t\t<\/div>\n\t\t\t\t\t<\/div>\n\t\t<\/section>\n\t\t\t\t<section class=\"elementor-section elementor-top-section elementor-element elementor-element-d49a26b elementor-section-boxed elementor-section-height-default elementor-section-height-default\" data-id=\"d49a26b\" data-element_type=\"section\">\n\t\t\t\t\t\t<div class=\"elementor-container elementor-column-gap-default\">\n\t\t\t\t\t\t\t<div class=\"elementor-row\">\n\t\t\t\t\t<div class=\"elementor-column elementor-col-100 elementor-top-column elementor-element elementor-element-767c718\" data-id=\"767c718\" data-element_type=\"column\">\n\t\t\t<div class=\"elementor-column-wrap\">\n\t\t\t\t\t\t\t<div class=\"elementor-widget-wrap\">\n\t\t\t\t\t\t\t\t<\/div>\n\t\t\t\t\t<\/div>\n\t\t<\/div>\n\t\t\t\t\t\t\t\t<\/div>\n\t\t\t\t\t<\/div>\n\t\t<\/section>\n\t\t\t\t\t\t<\/div>\n\t\t\t\t\t\t<\/div>\n\t\t\t\t\t<\/div>\n\t\t","protected":false},"excerpt":{"rendered":"<p>Il CONTO FORMAZIONE Ogni azienda aderente al Conto Formazione di Fondimpresa dispone di un proprio conto che pu\u00f2 utilizzare direttamente per formare i propri dipendenti nei tempi e con le modalit\u00e0 che ritiene pi\u00f9 opportuni, sulla base di Piani formativi condivisi dalle rappresentanze delle parti sociali.\u00a0Ciascuna impresa aderente deve utilizzare le risorse affluite sul proprio.<\/p>\n","protected":false},"author":1,"featured_media":0,"parent":0,"menu_order":0,"comment_status":"closed","ping_status":"closed","template":"","meta":{"footnotes":""},"_links":{"self":[{"href":"https:\/\/www.myecole.it\/ooc\/wp-json\/wp\/v2\/pages\/6032"}],"collection":[{"href":"https:\/\/www.myecole.it\/ooc\/wp-json\/wp\/v2\/pages"}],"about":[{"href":"https:\/\/www.myecole.it\/ooc\/wp-json\/wp\/v2\/types\/page"}],"author":[{"embeddable":true,"href":"https:\/\/www.myecole.it\/ooc\/wp-json\/wp\/v2\/users\/1"}],"replies":[{"embeddable":true,"href":"https:\/\/www.myecole.it\/ooc\/wp-json\/wp\/v2\/comments?post=6032"}],"version-history":[{"count":0,"href":"https:\/\/www.myecole.it\/ooc\/wp-json\/wp\/v2\/pages\/6032\/revisions"}],"wp:attachment":[{"href":"https:\/\/www.myecole.it\/ooc\/wp-json\/wp\/v2\/media?parent=6032"}],"curies":[{"name":"wp","href":"https:\/\/api.w.org\/{rel}","templated":true}]}}