{"id":9806,"date":"2020-03-16T14:01:38","date_gmt":"2020-03-16T13:01:38","guid":{"rendered":"https:\/\/www.myecole.it\/ooc\/?page_id=9806"},"modified":"2025-01-15T17:18:02","modified_gmt":"2025-01-15T16:18:02","slug":"staff-areasanita","status":"publish","type":"page","link":"https:\/\/www.myecole.it\/ooc\/area-sanita\/chisiamo-areasanita\/staff-areasanita\/","title":{"rendered":"Staff Area Sanit\u00e0"},"content":{"rendered":"\t\t<div data-elementor-type=\"wp-page\" data-elementor-id=\"9806\" class=\"elementor elementor-9806\" data-elementor-settings=\"[]\">\n\t\t\t\t\t\t<div class=\"elementor-inner\">\n\t\t\t\t\t\t\t<div class=\"elementor-section-wrap\">\n\t\t\t\t\t\t\t<section class=\"elementor-section elementor-top-section elementor-element elementor-element-69f1d83 elementor-section-boxed elementor-section-height-default elementor-section-height-default\" data-id=\"69f1d83\" data-element_type=\"section\">\n\t\t\t\t\t\t<div class=\"elementor-container elementor-column-gap-default\">\n\t\t\t\t\t\t\t<div class=\"elementor-row\">\n\t\t\t\t\t<div class=\"elementor-column elementor-col-100 elementor-top-column elementor-element elementor-element-48fa35f\" data-id=\"48fa35f\" data-element_type=\"column\">\n\t\t\t<div class=\"elementor-column-wrap elementor-element-populated\">\n\t\t\t\t\t\t\t<div class=\"elementor-widget-wrap\">\n\t\t\t\t\t\t<div class=\"elementor-element elementor-element-f13773a elementor-widget elementor-widget-shortcode\" data-id=\"f13773a\" data-element_type=\"widget\" data-widget_type=\"shortcode.default\">\n\t\t\t\t<div class=\"elementor-widget-container\">\n\t\t\t\t\t<div class=\"elementor-shortcode\"><br \/>Widget not in any sidebars<br \/><\/div>\n\t\t\t\t<\/div>\n\t\t\t\t<\/div>\n\t\t\t\t\t\t<\/div>\n\t\t\t\t\t<\/div>\n\t\t<\/div>\n\t\t\t\t\t\t\t\t<\/div>\n\t\t\t\t\t<\/div>\n\t\t<\/section>\n\t\t\t\t<section class=\"elementor-section elementor-top-section elementor-element elementor-element-76d89ed elementor-section-boxed elementor-section-height-default elementor-section-height-default\" data-id=\"76d89ed\" data-element_type=\"section\">\n\t\t\t\t\t\t<div class=\"elementor-container elementor-column-gap-default\">\n\t\t\t\t\t\t\t<div class=\"elementor-row\">\n\t\t\t\t\t<div class=\"elementor-column elementor-col-100 elementor-top-column elementor-element elementor-element-fe3a422\" data-id=\"fe3a422\" data-element_type=\"column\">\n\t\t\t<div class=\"elementor-column-wrap elementor-element-populated\">\n\t\t\t\t\t\t\t<div class=\"elementor-widget-wrap\">\n\t\t\t\t\t\t<div class=\"elementor-element elementor-element-efa902c elementor-widget elementor-widget-lae-heading\" data-id=\"efa902c\" data-element_type=\"widget\" data-widget_type=\"lae-heading.default\">\n\t\t\t\t<div class=\"elementor-widget-container\">\n\t\t\t\n   <!--       -->\n\n        <div class=\"lae-heading lae-style2 lae-alignleft\" >\n\n            \n                <div class=\"lae-subtitle\">Chi siamo<\/div>\n\n            \n            <h1 class=\"lae-title\">Ufficio Area Sanit\u00e0<\/h1>\n\n            \n                <p class=\"lae-text\">Email generale: formazionesanitaria@myecole.it<\/p>\n\n            \n        <\/div>\n\n        \t\t<\/div>\n\t\t\t\t<\/div>\n\t\t\t\t\t\t<\/div>\n\t\t\t\t\t<\/div>\n\t\t<\/div>\n\t\t\t\t\t\t\t\t<\/div>\n\t\t\t\t\t<\/div>\n\t\t<\/section>\n\t\t\t\t<section class=\"elementor-section elementor-top-section elementor-element elementor-element-e2f32c7 elementor-section-boxed elementor-section-height-default elementor-section-height-default\" data-id=\"e2f32c7\" data-element_type=\"section\">\n\t\t\t\t\t\t<div class=\"elementor-container elementor-column-gap-default\">\n\t\t\t\t\t\t\t<div class=\"elementor-row\">\n\t\t\t\t\t<div class=\"elementor-column elementor-col-50 elementor-top-column elementor-element elementor-element-2715791\" data-id=\"2715791\" data-element_type=\"column\">\n\t\t\t<div class=\"elementor-column-wrap elementor-element-populated\">\n\t\t\t\t\t\t\t<div class=\"elementor-widget-wrap\">\n\t\t\t\t\t\t<div class=\"elementor-element elementor-element-72198bf bddex-team-align-centered elementor-widget elementor-widget-bddex-team-member\" data-id=\"72198bf\" data-element_type=\"widget\" data-widget_type=\"bddex-team-member.default\">\n\t\t\t\t<div class=\"elementor-widget-container\">\n\t\t\t\r\n\r\n\t<div id=\"bddex-team-member-72198bf\" class=\"bddex-team-item bddex-team-members-circle \">\r\n\t\t<div class=\"bddex-team-item-inner\">\r\n\t\t\t<div class=\"bddex-team-image\">\r\n\t\t\t\t<figure>\r\n\t\t\t\t\t<img decoding=\"async\" src=\"https:\/\/www.myecole.it\/ooc\/wp-content\/uploads\/2022\/05\/Minetti-1021x1024.png\" alt=\"Lorenzo Minetti\">\r\n\t\t\t\t<\/figure>\r\n\t\t\t<\/div>\r\n\r\n\t\t\t<div class=\"bddex-team-content\">\r\n\t\t\t\t<h3 class=\"bddex-team-member-name\">Lorenzo Minetti<\/h3>\r\n\t\t\t\t<h4 class=\"bddex-team-member-position\">Responsabile Area Sanit\u00e0 <\/h4>\r\n\t\t\t\t\t\t\t\t\t\t\t\t\t\t<ul class=\"bddex-team-member-social-profiles\">\r\n\t\t\t\t\t\t\t\t\t\t\t\t\t\t\t\t\t\t\t\t\t\t\t\t\t\t\t\t\t<li class=\"bddex-team-member-social-link\">\r\n\t\t\t\t\t\t\t\t\t<a href=\"https:\/\/www.linkedin.com\/in\/lorenzo-minetti-55024270\/\" target=\"_blank\"><i class=\"fa fa-linkedin\"><\/i><\/a>\r\n\t\t\t\t\t\t\t\t<\/li>\r\n\t\t\t\t\t\t\t\t\t\t\t\t\t\t\t\t\t\t<\/ul>\r\n\t\t\t\t\t\t\t\t\t\t<p class=\"bddex-team-text\">lorenzo.minetti@myecole.it\n<br>+39 3293551350<\/p>\r\n\t\t\t\t\t\t\t\t\r\n\t\t\t<\/div>\r\n\t\t<\/div>\r\n\t<\/div>\r\n\r\n\t\r\n\t\t\t<\/div>\n\t\t\t\t<\/div>\n\t\t\t\t\t\t<\/div>\n\t\t\t\t\t<\/div>\n\t\t<\/div>\n\t\t\t\t<div class=\"elementor-column elementor-col-50 elementor-top-column elementor-element elementor-element-5b836d3\" data-id=\"5b836d3\" data-element_type=\"column\">\n\t\t\t<div class=\"elementor-column-wrap elementor-element-populated\">\n\t\t\t\t\t\t\t<div class=\"elementor-widget-wrap\">\n\t\t\t\t\t\t<div class=\"elementor-element elementor-element-8cd131b bddex-team-align-centered elementor-widget elementor-widget-bddex-team-member\" data-id=\"8cd131b\" data-element_type=\"widget\" data-widget_type=\"bddex-team-member.default\">\n\t\t\t\t<div class=\"elementor-widget-container\">\n\t\t\t\r\n\r\n\t<div id=\"bddex-team-member-8cd131b\" class=\"bddex-team-item bddex-team-members-circle \">\r\n\t\t<div class=\"bddex-team-item-inner\">\r\n\t\t\t<div class=\"bddex-team-image\">\r\n\t\t\t\t<figure>\r\n\t\t\t\t\t<img decoding=\"async\" src=\"https:\/\/www.myecole.it\/ooc\/wp-content\/uploads\/2020\/03\/Antonella-Ambrogi-768x751.png\" alt=\"Antonella Ambrogi \">\r\n\t\t\t\t<\/figure>\r\n\t\t\t<\/div>\r\n\r\n\t\t\t<div class=\"bddex-team-content\">\r\n\t\t\t\t<h3 class=\"bddex-team-member-name\">Antonella Ambrogi <\/h3>\r\n\t\t\t\t<h4 class=\"bddex-team-member-position\">Area Sanit\u00e0<\/h4>\r\n\t\t\t\t\t\t\t\t\t\t\t\t\t\t<ul class=\"bddex-team-member-social-profiles\">\r\n\t\t\t\t\t\t\t\t\t\t\t\t\t\t\t\t\t\t\t\t\t\t\t\t\t\t\t\t\t<li class=\"bddex-team-member-social-link\">\r\n\t\t\t\t\t\t\t\t\t<a href=\"\" target=\"_blank\"><i class=\"fa fa-linkedin\"><\/i><\/a>\r\n\t\t\t\t\t\t\t\t<\/li>\r\n\t\t\t\t\t\t\t\t\t\t\t\t\t\t\t\t\t\t<\/ul>\r\n\t\t\t\t\t\t\t\t\t\t<p class=\"bddex-team-text\">antonella.ambrogi@myecole.it\n<br>+39 3388575064<\/p>\r\n\t\t\t\t\t\t\t\t\r\n\t\t\t<\/div>\r\n\t\t<\/div>\r\n\t<\/div>\r\n\r\n\t\r\n\t\t\t<\/div>\n\t\t\t\t<\/div>\n\t\t\t\t\t\t<\/div>\n\t\t\t\t\t<\/div>\n\t\t<\/div>\n\t\t\t\t\t\t\t\t<\/div>\n\t\t\t\t\t<\/div>\n\t\t<\/section>\n\t\t\t\t<section class=\"elementor-section elementor-top-section elementor-element elementor-element-9a36cc8 elementor-section-boxed elementor-section-height-default elementor-section-height-default\" data-id=\"9a36cc8\" data-element_type=\"section\">\n\t\t\t\t\t\t<div class=\"elementor-container elementor-column-gap-default\">\n\t\t\t\t\t\t\t<div class=\"elementor-row\">\n\t\t\t\t\t<div class=\"elementor-column elementor-col-50 elementor-top-column elementor-element elementor-element-0a5fab1\" data-id=\"0a5fab1\" data-element_type=\"column\">\n\t\t\t<div class=\"elementor-column-wrap elementor-element-populated\">\n\t\t\t\t\t\t\t<div class=\"elementor-widget-wrap\">\n\t\t\t\t\t\t<div class=\"elementor-element elementor-element-b61811e bddex-team-align-centered elementor-widget elementor-widget-bddex-team-member\" data-id=\"b61811e\" data-element_type=\"widget\" data-widget_type=\"bddex-team-member.default\">\n\t\t\t\t<div class=\"elementor-widget-container\">\n\t\t\t\r\n\r\n\t<div id=\"bddex-team-member-b61811e\" class=\"bddex-team-item bddex-team-members-circle \">\r\n\t\t<div class=\"bddex-team-item-inner\">\r\n\t\t\t<div class=\"bddex-team-image\">\r\n\t\t\t\t<figure>\r\n\t\t\t\t\t<img decoding=\"async\" src=\"https:\/\/www.myecole.it\/ooc\/wp-content\/uploads\/2020\/04\/mia-foto-sfondo-bianco-BN.png\" alt=\"Jessica Romondia\">\r\n\t\t\t\t<\/figure>\r\n\t\t\t<\/div>\r\n\r\n\t\t\t<div class=\"bddex-team-content\">\r\n\t\t\t\t<h3 class=\"bddex-team-member-name\">Jessica Romondia<\/h3>\r\n\t\t\t\t<h4 class=\"bddex-team-member-position\">Area Sanit\u00e0<\/h4>\r\n\t\t\t\t\t\t\t\t\t\t\t\t\t\t<ul class=\"bddex-team-member-social-profiles\">\r\n\t\t\t\t\t\t\t\t\t\t\t\t\t\t\t\t\t\t\t\t\t\t\t\t\t\t\t\t\t<li class=\"bddex-team-member-social-link\">\r\n\t\t\t\t\t\t\t\t\t<a href=\"https:\/\/www.linkedin.com\/in\/jessica-romondia-bb2462172\/\" target=\"_blank\"><i class=\"fa fa-linkedin\"><\/i><\/a>\r\n\t\t\t\t\t\t\t\t<\/li>\r\n\t\t\t\t\t\t\t\t\t\t\t\t\t\t\t\t\t\t<\/ul>\r\n\t\t\t\t\t\t\t\t\t\t<p class=\"bddex-team-text\">jessica.romondia@myecole.it\n<br> +39 3425180089<\/p>\r\n\t\t\t\t\t\t\t\t\r\n\t\t\t<\/div>\r\n\t\t<\/div>\r\n\t<\/div>\r\n\r\n\t\r\n\t\t\t<\/div>\n\t\t\t\t<\/div>\n\t\t\t\t\t\t<\/div>\n\t\t\t\t\t<\/div>\n\t\t<\/div>\n\t\t\t\t<div class=\"elementor-column elementor-col-50 elementor-top-column elementor-element elementor-element-ee025cf\" data-id=\"ee025cf\" data-element_type=\"column\">\n\t\t\t<div class=\"elementor-column-wrap elementor-element-populated\">\n\t\t\t\t\t\t\t<div class=\"elementor-widget-wrap\">\n\t\t\t\t\t\t<div class=\"elementor-element elementor-element-d6bffa0 bddex-team-align-centered elementor-widget elementor-widget-bddex-team-member\" data-id=\"d6bffa0\" data-element_type=\"widget\" data-widget_type=\"bddex-team-member.default\">\n\t\t\t\t<div class=\"elementor-widget-container\">\n\t\t\t\r\n\r\n\t<div id=\"bddex-team-member-d6bffa0\" class=\"bddex-team-item bddex-team-members-circle \">\r\n\t\t<div class=\"bddex-team-item-inner\">\r\n\t\t\t<div class=\"bddex-team-image\">\r\n\t\t\t\t<figure>\r\n\t\t\t\t\t<img decoding=\"async\" src=\"https:\/\/www.myecole.it\/ooc\/wp-content\/uploads\/2021\/05\/Progetto-senza-titolo-768x770.jpg\" alt=\"Sara Costantini\">\r\n\t\t\t\t<\/figure>\r\n\t\t\t<\/div>\r\n\r\n\t\t\t<div class=\"bddex-team-content\">\r\n\t\t\t\t<h3 class=\"bddex-team-member-name\">Sara Costantini<\/h3>\r\n\t\t\t\t<h4 class=\"bddex-team-member-position\">Area Sanit\u00e0<\/h4>\r\n\t\t\t\t\t\t\t\t\t\t\t\t\t\t<ul class=\"bddex-team-member-social-profiles\">\r\n\t\t\t\t\t\t\t\t\t\t\t\t\t\t\t\t\t\t\t\t\t\t\t\t\t\t\t\t\t<li class=\"bddex-team-member-social-link\">\r\n\t\t\t\t\t\t\t\t\t<a href=\"https:\/\/www.linkedin.com\/in\/saracostantini95\/\" target=\"_blank\"><i class=\"fa fa-linkedin\"><\/i><\/a>\r\n\t\t\t\t\t\t\t\t<\/li>\r\n\t\t\t\t\t\t\t\t\t\t\t\t\t\t\t\t\t\t<\/ul>\r\n\t\t\t\t\t\t\t\t\t\t<p class=\"bddex-team-text\">sara.costantini@consorzioecole.it\n<br> +39 3454008488<\/p>\r\n\t\t\t\t\t\t\t\t\r\n\t\t\t<\/div>\r\n\t\t<\/div>\r\n\t<\/div>\r\n\r\n\t\r\n\t\t\t<\/div>\n\t\t\t\t<\/div>\n\t\t\t\t\t\t<\/div>\n\t\t\t\t\t<\/div>\n\t\t<\/div>\n\t\t\t\t\t\t\t\t<\/div>\n\t\t\t\t\t<\/div>\n\t\t<\/section>\n\t\t\t\t<section class=\"elementor-section elementor-top-section elementor-element elementor-element-c52576a elementor-section-boxed elementor-section-height-default elementor-section-height-default\" data-id=\"c52576a\" data-element_type=\"section\">\n\t\t\t\t\t\t<div class=\"elementor-container elementor-column-gap-default\">\n\t\t\t\t\t\t\t<div class=\"elementor-row\">\n\t\t\t\t\t<div class=\"elementor-column elementor-col-50 elementor-top-column elementor-element elementor-element-3f22f0d\" data-id=\"3f22f0d\" data-element_type=\"column\">\n\t\t\t<div class=\"elementor-column-wrap elementor-element-populated\">\n\t\t\t\t\t\t\t<div class=\"elementor-widget-wrap\">\n\t\t\t\t\t\t<div class=\"elementor-element elementor-element-e24cc39 bddex-team-align-centered elementor-widget elementor-widget-bddex-team-member\" data-id=\"e24cc39\" data-element_type=\"widget\" data-widget_type=\"bddex-team-member.default\">\n\t\t\t\t<div class=\"elementor-widget-container\">\n\t\t\t\r\n\r\n\t<div id=\"bddex-team-member-e24cc39\" class=\"bddex-team-item bddex-team-members-circle \">\r\n\t\t<div class=\"bddex-team-item-inner\">\r\n\t\t\t<div class=\"bddex-team-image\">\r\n\t\t\t\t<figure>\r\n\t\t\t\t\t<img decoding=\"async\" src=\"https:\/\/www.myecole.it\/ooc\/wp-content\/uploads\/2024\/11\/Progetto-senza-titolo-23-768x768.png\" alt=\"DANIELA VESCOVI\">\r\n\t\t\t\t<\/figure>\r\n\t\t\t<\/div>\r\n\r\n\t\t\t<div class=\"bddex-team-content\">\r\n\t\t\t\t<h3 class=\"bddex-team-member-name\">DANIELA VESCOVI<\/h3>\r\n\t\t\t\t<h4 class=\"bddex-team-member-position\">Area Sanit\u00e0<\/h4>\r\n\t\t\t\t\t\t\t\t\t\t\t\t\t\t<ul class=\"bddex-team-member-social-profiles\">\r\n\t\t\t\t\t\t\t\t\t\t\t\t\t\t\t\t\t\t\t\t\t\t\t\t\t\t\t\t\t<li class=\"bddex-team-member-social-link\">\r\n\t\t\t\t\t\t\t\t\t<a href=\"https:\/\/www.linkedin.com\/in\/daniela-vescovi-01964a2b3\/\" target=\"_blank\"><i class=\"fa fa-linkedin\"><\/i><\/a>\r\n\t\t\t\t\t\t\t\t<\/li>\r\n\t\t\t\t\t\t\t\t\t\t\t\t\t\t\t\t\t\t<\/ul>\r\n\t\t\t\t\t\t\t\t\t\t<p class=\"bddex-team-text\">daniela.vescovi@myecole.it<br>+39 3407425358<\/p>\r\n\t\t\t\t\t\t\t\t\r\n\t\t\t<\/div>\r\n\t\t<\/div>\r\n\t<\/div>\r\n\r\n\t\r\n\t\t\t<\/div>\n\t\t\t\t<\/div>\n\t\t\t\t\t\t<\/div>\n\t\t\t\t\t<\/div>\n\t\t<\/div>\n\t\t\t\t<div class=\"elementor-column elementor-col-50 elementor-top-column elementor-element elementor-element-53a8023\" data-id=\"53a8023\" data-element_type=\"column\">\n\t\t\t<div class=\"elementor-column-wrap elementor-element-populated\">\n\t\t\t\t\t\t\t<div class=\"elementor-widget-wrap\">\n\t\t\t\t\t\t<div class=\"elementor-element elementor-element-820bff2 bddex-team-align-centered elementor-widget elementor-widget-bddex-team-member\" data-id=\"820bff2\" data-element_type=\"widget\" data-widget_type=\"bddex-team-member.default\">\n\t\t\t\t<div class=\"elementor-widget-container\">\n\t\t\t\r\n\r\n\t<div id=\"bddex-team-member-820bff2\" class=\"bddex-team-item bddex-team-members-circle \">\r\n\t\t<div class=\"bddex-team-item-inner\">\r\n\t\t\t<div class=\"bddex-team-image\">\r\n\t\t\t\t<figure>\r\n\t\t\t\t\t<img decoding=\"async\" src=\"https:\/\/www.myecole.it\/ooc\/wp-content\/uploads\/2024\/11\/Progetto-senza-titolo-24-768x768.png\" alt=\"LARA FANTINATO\">\r\n\t\t\t\t<\/figure>\r\n\t\t\t<\/div>\r\n\r\n\t\t\t<div class=\"bddex-team-content\">\r\n\t\t\t\t<h3 class=\"bddex-team-member-name\">LARA FANTINATO<\/h3>\r\n\t\t\t\t<h4 class=\"bddex-team-member-position\">Area Sanit\u00e0<\/h4>\r\n\t\t\t\t\t\t\t\t\t\t\t\t\t\t<ul class=\"bddex-team-member-social-profiles\">\r\n\t\t\t\t\t\t\t\t\t\t\t\t\t\t\t\t\t\t\t\t\t\t\t\t\t\t\t\t\t<li class=\"bddex-team-member-social-link\">\r\n\t\t\t\t\t\t\t\t\t<a href=\"https:\/\/www.linkedin.com\/in\/lara-fantinato-183295210\/\" target=\"_blank\"><i class=\"fa fa-linkedin\"><\/i><\/a>\r\n\t\t\t\t\t\t\t\t<\/li>\r\n\t\t\t\t\t\t\t\t\t\t\t\t\t\t\t\t\t\t<\/ul>\r\n\t\t\t\t\t\t\t\t\t\t<p class=\"bddex-team-text\">lara.fantinato@myecole.it<br>+39 3425560024<\/p>\r\n\t\t\t\t\t\t\t\t\r\n\t\t\t<\/div>\r\n\t\t<\/div>\r\n\t<\/div>\r\n\r\n\t\r\n\t\t\t<\/div>\n\t\t\t\t<\/div>\n\t\t\t\t\t\t<\/div>\n\t\t\t\t\t<\/div>\n\t\t<\/div>\n\t\t\t\t\t\t\t\t<\/div>\n\t\t\t\t\t<\/div>\n\t\t<\/section>\n\t\t\t\t<section class=\"elementor-section elementor-top-section elementor-element elementor-element-3a8de3a elementor-section-boxed elementor-section-height-default elementor-section-height-default\" data-id=\"3a8de3a\" data-element_type=\"section\">\n\t\t\t\t\t\t<div class=\"elementor-container elementor-column-gap-default\">\n\t\t\t\t\t\t\t<div class=\"elementor-row\">\n\t\t\t\t\t<div class=\"elementor-column elementor-col-50 elementor-top-column elementor-element elementor-element-2daa596\" data-id=\"2daa596\" data-element_type=\"column\">\n\t\t\t<div class=\"elementor-column-wrap\">\n\t\t\t\t\t\t\t<div class=\"elementor-widget-wrap\">\n\t\t\t\t\t\t\t\t<\/div>\n\t\t\t\t\t<\/div>\n\t\t<\/div>\n\t\t\t\t<div class=\"elementor-column elementor-col-50 elementor-top-column elementor-element elementor-element-0e274d4\" data-id=\"0e274d4\" data-element_type=\"column\">\n\t\t\t<div class=\"elementor-column-wrap\">\n\t\t\t\t\t\t\t<div class=\"elementor-widget-wrap\">\n\t\t\t\t\t\t\t\t<\/div>\n\t\t\t\t\t<\/div>\n\t\t<\/div>\n\t\t\t\t\t\t\t\t<\/div>\n\t\t\t\t\t<\/div>\n\t\t<\/section>\n\t\t\t\t\t\t<\/div>\n\t\t\t\t\t\t<\/div>\n\t\t\t\t\t<\/div>\n\t\t","protected":false},"excerpt":{"rendered":"<p>Chi siamo Ufficio Area Sanit\u00e0 Email generale: formazionesanitaria@myecole.it Lorenzo Minetti Responsabile Area Sanit\u00e0 lorenzo.minetti@myecole.it +39 3293551350 Antonella Ambrogi Area Sanit\u00e0 antonella.ambrogi@myecole.it +39 3388575064 Jessica Romondia Area Sanit\u00e0 jessica.romondia@myecole.it +39 3425180089 Sara Costantini Area Sanit\u00e0 sara.costantini@consorzioecole.it +39 3454008488 DANIELA VESCOVI Area Sanit\u00e0 daniela.vescovi@myecole.it+39 3407425358 LARA FANTINATO Area Sanit\u00e0 lara.fantinato@myecole.it+39 3425560024<\/p>\n","protected":false},"author":1,"featured_media":0,"parent":8685,"menu_order":0,"comment_status":"closed","ping_status":"closed","template":"","meta":{"footnotes":""},"_links":{"self":[{"href":"https:\/\/www.myecole.it\/ooc\/wp-json\/wp\/v2\/pages\/9806"}],"collection":[{"href":"https:\/\/www.myecole.it\/ooc\/wp-json\/wp\/v2\/pages"}],"about":[{"href":"https:\/\/www.myecole.it\/ooc\/wp-json\/wp\/v2\/types\/page"}],"author":[{"embeddable":true,"href":"https:\/\/www.myecole.it\/ooc\/wp-json\/wp\/v2\/users\/1"}],"replies":[{"embeddable":true,"href":"https:\/\/www.myecole.it\/ooc\/wp-json\/wp\/v2\/comments?post=9806"}],"version-history":[{"count":4,"href":"https:\/\/www.myecole.it\/ooc\/wp-json\/wp\/v2\/pages\/9806\/revisions"}],"predecessor-version":[{"id":20688,"href":"https:\/\/www.myecole.it\/ooc\/wp-json\/wp\/v2\/pages\/9806\/revisions\/20688"}],"up":[{"embeddable":true,"href":"https:\/\/www.myecole.it\/ooc\/wp-json\/wp\/v2\/pages\/8685"}],"wp:attachment":[{"href":"https:\/\/www.myecole.it\/ooc\/wp-json\/wp\/v2\/media?parent=9806"}],"curies":[{"name":"wp","href":"https:\/\/api.w.org\/{rel}","templated":true}]}}